{"id":115,"date":"2017-03-01T08:40:29","date_gmt":"2017-03-01T06:40:29","guid":{"rendered":"https:\/\/www.teeninduskool.ee\/?page_id=115"},"modified":"2017-03-01T08:40:29","modified_gmt":"2017-03-01T06:40:29","slug":"korduvad-kusimused","status":"publish","type":"page","link":"https:\/\/www.teeninduskool.ee\/?page_id=115","title":{"rendered":"Korduvad k\u00fcsimused"},"content":{"rendered":"<h2 class=\"art-postheader\">Korduvad k\u00fcsimused<\/h2>\n<div class=\"art-postcontent\">\n<div class=\"art-article\">\n<p><strong>KORDUVAD K\u00dcSIMUSED<\/strong><\/p>\n<p><strong>1. Kas Tallinna Teeninduskoolis on \u00f5ppimine tasuline?<\/strong><\/p>\n<p>Tallinna Teeninduskoolis saavad \u00f5pilased \u00f5ppida tasuta. Tasulised on osad t\u00e4iendkoolituse kursused, nende kohta leiad informatsiooni kooli kodulehelt v\u00f5i telefonil 605 3108.<\/p>\n<p><strong>2. Kas Tallinna Teeninduskooli sisseastumisel on vanusepiirang?<\/strong><br \/>\n\u00d5ppima v\u00f5ib kandideerida olenemata vanusest. \u00d5ppijatele ei ole kehtestatud \u00fclemist vanusepiirangut. T\u00e4htis on huvi eriala vastu ja isiklik motivatsioon. Info sisseastumistingimuste ja kandideerimise kohta leiad kooli kodulehelt.<\/p>\n<p><strong>3. Kas Tallinna Teeninduskooli v\u00f5ib \u00f5ppima tulla ka peale \u00fclikooli?<\/strong><br \/>\nJah.<\/p>\n<p><strong>4. Kas Tallinna Teeninduskool annab rakenduslikku k\u00f5rgharidust?<\/strong><br \/>\nP\u00e4rast p\u00f5hikooli on teeninduskoolis v\u00f5imalik omandada kutsekeskharidus, p\u00e4rast keskkooli aga kutseharidus. Rakenduslikku k\u00f5rgharidust siin omandada ei saa.<\/p>\n<p><strong>5. Kas ma saan p\u00e4rast kutsekooli l\u00f5petamist minna \u00fclikooli? <\/strong><br \/>\n\u00dclikooli sisse saamine oleneb suuresti Sinu \u00f5ppeedukusest. Kui l\u00f5petad kutsekooli heade hinnetega ja sooritad vajalikud riigieksamid, on Sul eeldused selleks olemas.<\/p>\n<p><strong>6. Kas pean sisseastumiseks kindlasti dokumentidega kohale tulema?<\/strong><br \/>\nTallinna Teeninduskoolil on uute \u00f5pilaste vastuv\u00f5tuks oma kord. Kandideerijal tuleb sisseastumiseks vajalikud dokumendid tuua isiklikult kohapeale.<br \/>\nKohale tulek on oluline, sest vastuv\u00f5tu t\u00f6\u00f6taja vaatab \u00fcle, kas k\u00f5ik dokumendid on olemas ja vastavad vastuv\u00f5tu korrale. Kohapeal t\u00e4idetakse elektrooniline avaldus ja palutakse kandideerimisdokumendile Sinu allkirja. Lisaks tehakse foto elektroonilise \u00f5pilaspileti jaoks.<\/p>\n<p><strong>7. Kui mul osa dokumente kohe kaasas pole, kas saan need hiljem tuua v\u00f5i postiga saata?<\/strong><br \/>\nPalun tutvu kandideerimiseks vajalike dokumentide loeteluga kooli kodulehel ja hoolitse selle eest, et k\u00f5ik n\u00f5utud dokumendid oleksid kaasas.<br \/>\nDokumentide puudumine, hilisem esitamine v\u00f5i postiga saatmine v\u00f5ib takistada Sinu edukat kandideerimist.<\/p>\n<p><strong>8. Kui pikk on koolip\u00e4ev?<\/strong><\/p>\n<p>Koolip\u00e4eva pikkus oleneb tunniplaanist. Reeglina toimuvad tunnid 8.15 &#8211; 15.35.<\/p>\n<p><strong>9. Milliseid toetusi on \u00f5pilastel v\u00f5imalik saada?<\/strong><\/p>\n<p>P\u00f5hitoetuse saamise eelduseks on hea ja v\u00e4ga hea \u00f5ppeedukus. Toetust makstakse nii p\u00f5hikooli kui ka keskkooli baasil \u00f5ppijatele. Esmakursuslased saavad p\u00f5hitoetust taotleda esimesel \u00f5ppeaastal \u00fchekordselt. Lisaks p\u00f5hitoetusele on \u00f5pilastel v\u00f5imalik taodelda t\u00e4iendavat toetust erifondidest.<\/p>\n<p><strong>10. Kus asub ja kui palju maksab elamine \u00fchiselamus?<\/strong><br \/>\nKooli \u00d5pilaskodu asub Tallinnas aadressil Lastekodu t\u00e4nav 13 (tel: 681 1352).<br \/>\nKoht kahekohalises toas maksab 68 EUR, kolmekohalises toas 54 EUR.<br \/>\nKui oled kooli vastu v\u00f5etud ja soovid kohta \u00f5pilaskodus, siis tutvu tingimustega\u00a0<strong><a href=\"https:\/\/www.teeninduskool.ee\/index.php\/teenused\/opilaskodu\">www.teeninduskool.ee\/hostel<\/a><\/strong><\/p>\n<\/div>\n<\/div>\n","protected":false},"excerpt":{"rendered":"<p>Korduvad k\u00fcsimused KORDUVAD K\u00dcSIMUSED 1. Kas Tallinna Teeninduskoolis on \u00f5ppimine tasuline? Tallinna Teeninduskoolis saavad \u00f5pilased \u00f5ppida tasuta. Tasulised on osad t\u00e4iendkoolituse kursused, nende kohta leiad informatsiooni kooli kodulehelt v\u00f5i telefonil 605 3108. 2. Kas&#46;&#46;&#46;<\/p>\n","protected":false},"author":4,"featured_media":0,"parent":0,"menu_order":0,"comment_status":"closed","ping_status":"closed","template":"","meta":{"footnotes":""},"class_list":["post-115","page","type-page","status-publish","hentry"],"_links":{"self":[{"href":"https:\/\/www.teeninduskool.ee\/index.php?rest_route=\/wp\/v2\/pages\/115","targetHints":{"allow":["GET"]}}],"collection":[{"href":"https:\/\/www.teeninduskool.ee\/index.php?rest_route=\/wp\/v2\/pages"}],"about":[{"href":"https:\/\/www.teeninduskool.ee\/index.php?rest_route=\/wp\/v2\/types\/page"}],"author":[{"embeddable":true,"href":"https:\/\/www.teeninduskool.ee\/index.php?rest_route=\/wp\/v2\/users\/4"}],"replies":[{"embeddable":true,"href":"https:\/\/www.teeninduskool.ee\/index.php?rest_route=%2Fwp%2Fv2%2Fcomments&post=115"}],"version-history":[{"count":0,"href":"https:\/\/www.teeninduskool.ee\/index.php?rest_route=\/wp\/v2\/pages\/115\/revisions"}],"wp:attachment":[{"href":"https:\/\/www.teeninduskool.ee\/index.php?rest_route=%2Fwp%2Fv2%2Fmedia&parent=115"}],"curies":[{"name":"wp","href":"https:\/\/api.w.org\/{rel}","templated":true}]}}