{"id":119,"date":"2017-03-01T08:41:38","date_gmt":"2017-03-01T06:41:38","guid":{"rendered":"https:\/\/www.teeninduskool.ee\/?page_id=119"},"modified":"2020-12-07T15:27:30","modified_gmt":"2020-12-07T13:27:30","slug":"kutseoppeliikide-tutvustus","status":"publish","type":"page","link":"https:\/\/www.teeninduskool.ee\/?page_id=119","title":{"rendered":"Kutse\u00f5ppeliikide tutvustus"},"content":{"rendered":"<h2 class=\"art-postheader\">Kutse\u00f5ppeliikide tutvustus<\/h2>\n<div class=\"art-postcontent\">\n<div class=\"art-article\">\n<p><strong>ERINEVATE KUTSE\u00d5PPELIIKIDE JA \u00d5PPEVORMIDE TUTVUSTUS<\/strong><\/p>\n<p><strong>KUTSE\u00d5PPELIIGID<\/strong><\/p>\n<p><strong>Kutsekeskharidus\u00f5pe<\/strong><\/p>\n<ul>\n<li>kandidaadil on omandatud p\u00f5hiharidus;<\/li>\n<li>\u00f5ppeaeg s\u00f5ltub \u00f5ppekavast;<\/li>\n<li>\u00f5pe sisaldab kutse- ja erialast \u00f5pet ning \u00fcldharidusaineid;<\/li>\n<li>kooli l\u00f5petamisel l\u00f5putunnistus kutsekeskhariduse omandamise kohta;<\/li>\n<li>edasi\u00f5ppimise v\u00f5imalused: kutsekeskhariduse \u00fcldharidus\u00f5pingute j\u00e4tkamist reguleerivad j\u00e4rgmised <a href=\"https:\/\/www.riigiteataja.ee\/akt\/102072013001?leiaKehtiv\">Kutse\u00f5ppeasutuse seadus<\/a> \u00a735 lg 2, &#8220;Kutsekeskhariduse omandanud isiku \u00fcldharidus\u00f5pingute j\u00e4tkamise tingimused ja kord&#8221; ning <a href=\"https:\/\/www.riigiteataja.ee\/akt\/13332410?leiaKehtiv\">P\u00f5hikooli- ja g\u00fcmnaasiumiseadus.<\/a> Tallinnas saab \u00fcldharidus\u00f5pinguid j\u00e4tkata 3 koolis: Tallinna T\u00e4iskasvanute G\u00fcmnaasium, Tallinna Vanalinna T\u00e4iskasvanute G\u00fcmnaasium ja Tallinna Vene L\u00fctseum. T\u00e4psemat informatsiooni edasi\u00f5ppimise osas saad:\n<ul>\n<li><strong><a href=\"https:\/\/tg.edu.ee\/\">Tallinna T\u00e4iskasvanute G\u00fcmnaasium<\/a> <\/strong>andres@tg.edu.ee ja\/v\u00f5i <a href=\"mailto:katrin@tg.edu.ee\">katrin@tg.edu.ee<\/a><\/li>\n<li><strong>Tallinna Linnam\u00e4e Vene L\u00fctseum<\/strong> <a href=\"https:\/\/linnamae.tln.edu.ee\/documents\/tlvlvastuvott2020.pdf\">https:\/\/linnamae.tln.edu.ee\/documents\/tlvlvastuvott2020.pdf<\/a>, <a href=\"https:\/\/linnamae.tln.edu.ee\/page\/85\">https:\/\/linnamae.tln.edu.ee\/page\/85<\/a><\/li>\n<li><a href=\"https:\/\/tvtg.ee\/\"><strong>Tallinna Vanalinna T\u00e4iskasvanute g\u00fcmnaasium<\/strong><\/a><\/li>\n<\/ul>\n<\/li>\n<\/ul>\n<p><strong>Kutse\u00f5pe keskhariduse baasil<\/strong><\/p>\n<ul>\n<li>kandidaadil on omandatud keskharidus;<\/li>\n<li>\u00f5ppeaeg s\u00f5ltub \u00f5ppekavast;<\/li>\n<li>\u00f5pe sisaldab kutse- ja erialast \u00f5pet;<\/li>\n<li>kooli l\u00f5petamisel l\u00f5putunnistus keskhariduse baasil kutse\u00f5ppe l\u00e4bimise kohta;<\/li>\n<li>edasi\u00f5ppimise v\u00f5imalused \u2013 (rakendus)k\u00f5rghariduses.<\/li>\n<\/ul>\n<p><strong>Kutse\u00f5pe p\u00f5hihariduse baasil<\/strong><\/p>\n<ul>\n<li>kandidaadil on omandatud p\u00f5hiharidus;<\/li>\n<li>\u00f5ppeaeg s\u00f5ltub \u00f5ppekavast;<\/li>\n<li>\u00f5pe sisaldab kutse- ja erialast \u00f5pet;<\/li>\n<li>vastuv\u00f5tt ainult t\u00f6\u00f6kohap\u00f5hisesse \u00f5ppevormi;<\/li>\n<li>kooli l\u00f5petamisel l\u00f5putunnistus p\u00f5hihariduse baasil kutse\u00f5ppe l\u00e4bimise kohta;<\/li>\n<li>edasi\u00f5ppimise v\u00f5imalused \u2013 asuda keskharidust omandama t\u00e4iskasvanute g\u00fcmnaasiumi.<\/li>\n<\/ul>\n<p><strong>P\u00f5hihariduse n\u00f5udeta kutse\u00f5pe<\/strong><\/p>\n<ul>\n<li>kandidaadile ei seata haridustasemega seotud piiranguid;<\/li>\n<li>\u00f5pe sisaldab kutse- ja erialast \u00f5pet;<\/li>\n<li>\u00f5ppeaeg s\u00f5ltub \u00f5ppekavast;<\/li>\n<li>l\u00f5petamisel l\u00f5putunnistus p\u00f5hihariduse n\u00f5udeta kutse\u00f5ppe l\u00e4bimise kohta;<\/li>\n<li>edasi\u00f5ppimise v\u00f5imalused \u2013 l\u00f5petada p\u00f5hiharidus, seej\u00e4rel omandada keskharidus.<\/li>\n<\/ul>\n<p><strong>\u00d5PPEVORMID<\/strong><\/p>\n<p><strong>Koolip\u00f5hine \u00f5pe<\/strong><\/p>\n<ul>\n<li>\u00f5ppet\u00f6\u00f6 toimub viis p\u00e4eva n\u00e4dalas auditoorse ja praktilise t\u00f6\u00f6, praktika ja iseseisva t\u00f6\u00f6 vormis;<\/li>\n<li>ts\u00fckli\u00f5ppes on r\u00f5hk \u00f5ppija iseseisval t\u00f6\u00f6l ning auditoorne ja praktiline t\u00f6\u00f6 toimub koolis 1-2 p\u00e4eva n\u00e4dalas.<\/li>\n<\/ul>\n<p><strong>T\u00f6\u00f6kohap\u00f5hine \u00f5pe<\/strong><\/p>\n<ul>\n<li>v\u00f5imaldab t\u00f6\u00f6tada ja \u00f5ppida \u00fcheaegselt;<\/li>\n<li>sobib neile, kes t\u00f6\u00f6tavad \u00f5pitavas valdkonnas, kuid ei oma erialast kutseharidust;<\/li>\n<li>\u00f5ppeaeg s\u00f5ltub eriala \u00f5ppekavast;<\/li>\n<li>\u00f5ppet\u00f6\u00f6 toimub tihedas koost\u00f6\u00f6s ettev\u00f5tetega, kus \u00f5ppijad t\u00f6\u00f6tavad<\/li>\n<li>1\/3 \u00f5ppest toimub koolis (teoreetiline ja \u00fcldoskuste\/teadmiste alane ettevalmistus),<\/li>\n<li>2\/3 \u00f5ppest ettev\u00f5ttes (erialane p\u00f5hi- ja eri\u00f5pe);<\/li>\n<\/ul>\n<ul>\n<li><strong>NB! <\/strong>P\u00f5hihariduse baasil \u00f5ppijad \u00f5pivad erialaga seotud aineid ja nad ei omanda\u00a0mitte kutsekeskharidust, vaid kutsehariduse p\u00f5hikooli baasil.<\/li>\n<\/ul>\n<ul>\n<li>\u00f5ppet\u00f6\u00f6 graafik antakse \u00f5ppijatele \u00f5ppet\u00f6\u00f6 alguses;<\/li>\n<li>\u00f5pe on tasuta<strong>; <\/strong>v\u00e4ljaspool Tallinna tulijatel on v\u00f5imalik \u00f5ppesessiooni ajal soodsatel tingimustel \u00f6\u00f6bida \u00f5pilaskodus;<\/li>\n<\/ul>\n<\/div>\n<\/div>\n","protected":false},"excerpt":{"rendered":"<p>Kutse\u00f5ppeliikide tutvustus ERINEVATE KUTSE\u00d5PPELIIKIDE JA \u00d5PPEVORMIDE TUTVUSTUS KUTSE\u00d5PPELIIGID Kutsekeskharidus\u00f5pe kandidaadil on omandatud p\u00f5hiharidus; \u00f5ppeaeg s\u00f5ltub \u00f5ppekavast; \u00f5pe sisaldab kutse- ja erialast \u00f5pet ning \u00fcldharidusaineid; kooli l\u00f5petamisel l\u00f5putunnistus kutsekeskhariduse omandamise kohta; edasi\u00f5ppimise v\u00f5imalused: kutsekeskhariduse \u00fcldharidus\u00f5pingute&#46;&#46;&#46;<\/p>\n","protected":false},"author":4,"featured_media":0,"parent":0,"menu_order":0,"comment_status":"closed","ping_status":"closed","template":"","meta":{"footnotes":""},"class_list":["post-119","page","type-page","status-publish","hentry"],"_links":{"self":[{"href":"https:\/\/www.teeninduskool.ee\/index.php?rest_route=\/wp\/v2\/pages\/119","targetHints":{"allow":["GET"]}}],"collection":[{"href":"https:\/\/www.teeninduskool.ee\/index.php?rest_route=\/wp\/v2\/pages"}],"about":[{"href":"https:\/\/www.teeninduskool.ee\/index.php?rest_route=\/wp\/v2\/types\/page"}],"author":[{"embeddable":true,"href":"https:\/\/www.teeninduskool.ee\/index.php?rest_route=\/wp\/v2\/users\/4"}],"replies":[{"embeddable":true,"href":"https:\/\/www.teeninduskool.ee\/index.php?rest_route=%2Fwp%2Fv2%2Fcomments&post=119"}],"version-history":[{"count":2,"href":"https:\/\/www.teeninduskool.ee\/index.php?rest_route=\/wp\/v2\/pages\/119\/revisions"}],"predecessor-version":[{"id":12558,"href":"https:\/\/www.teeninduskool.ee\/index.php?rest_route=\/wp\/v2\/pages\/119\/revisions\/12558"}],"wp:attachment":[{"href":"https:\/\/www.teeninduskool.ee\/index.php?rest_route=%2Fwp%2Fv2%2Fmedia&parent=119"}],"curies":[{"name":"wp","href":"https:\/\/api.w.org\/{rel}","templated":true}]}}