{"id":12918,"date":"2021-03-01T15:57:37","date_gmt":"2021-03-01T13:57:37","guid":{"rendered":"https:\/\/www.teeninduskool.ee\/?page_id=12918"},"modified":"2022-09-04T20:57:14","modified_gmt":"2022-09-04T17:57:14","slug":"vastuvotu-kord","status":"publish","type":"page","link":"https:\/\/www.teeninduskool.ee\/?page_id=12918","title":{"rendered":"Vastuv\u00f5tu kord"},"content":{"rendered":"<p style=\"text-align: right;\"><em><span style=\"font-size: 10pt;\">Kinnitatud kooli n\u00f5ukogus 31.08.2022<\/span><\/em><br \/>\n<em><span style=\"font-size: 10pt;\">Tallinna Teeninduskooli <a href=\"https:\/\/www.teeninduskool.ee\/wp-content\/uploads\/2022\/09\/OKE_2022_31_08.pdf\">\u00f5ppekorralduseeskirja<\/a> lisa 1<\/span><\/em><\/p>\n<h3 style=\"text-align: left;\"><strong>1 \u00dclds\u00e4tted<\/strong><\/h3>\n<p><span data-contrast=\"none\">1.1 Uute \u00f5pilaste vastuv\u00f5tt toimub vastuv\u00f5tukorra alusel, mille aluseks on haridus- ja teadusministri 01.09.2018 m\u00e4\u00e4rus nr 14, \u201e<\/span><a href=\"https:\/\/www.riigiteataja.ee\/akt\/120042018002\"><span data-contrast=\"none\">\u00d5pilase kutse\u00f5ppeasutusse vastuv\u00f5tu kord<\/span><\/a><span data-contrast=\"none\">\u201c.<\/span><span data-ccp-props=\"{&quot;134233117&quot;:false,&quot;134233118&quot;:false,&quot;335551550&quot;:6,&quot;335551620&quot;:6}\">\u00a0<\/span><\/p>\n<p><span data-contrast=\"none\">1.2 \u00d5igus esitada avaldus Tallinna Teeninduskoolis \u00f5ppimiseks on k\u00f5igil Eesti ja v\u00e4lisriikide kodanikel.<\/span><span data-ccp-props=\"{&quot;134233117&quot;:false,&quot;134233118&quot;:false,&quot;335551550&quot;:6,&quot;335551620&quot;:6}\">\u00a0<\/span><\/p>\n<p><span data-contrast=\"none\">1.3 Vastuv\u00f5tul l\u00e4htutakse EV Haridus-ja Teadusministeeriumi poolt kindlaks m\u00e4\u00e4ratud n\u00e4itajatest: \u00f5petatavad erialad, \u00f5ppekavad, \u00f5ppekeel.<\/span><span data-ccp-props=\"{&quot;134233117&quot;:false,&quot;134233118&quot;:false,&quot;335551550&quot;:6,&quot;335551620&quot;:6}\">\u00a0<\/span><\/p>\n<p><span data-contrast=\"none\">1.4 \u00d5ppet\u00f6\u00f6 toimub \u00f5ppevormides, mis on kirjeldatud rakenduskavas.<\/span><span data-ccp-props=\"{&quot;134233117&quot;:false,&quot;134233118&quot;:false,&quot;335551550&quot;:6,&quot;335551620&quot;:6}\">\u00a0<\/span><\/p>\n<p><span data-contrast=\"none\">1.5 \u00d5ppima v\u00f5etakse j\u00e4rgmistel tingimustel:<\/span><span data-ccp-props=\"{&quot;134233117&quot;:false,&quot;134233118&quot;:false,&quot;335551550&quot;:6,&quot;335551620&quot;:6}\">\u00a0<\/span><\/p>\n<p style=\"padding-left: 40px;\"><span data-contrast=\"none\">1.5.1 p\u00f5hi- ja keskhariduse baasil, p\u00f5hihariduse n\u00f5udeta;<\/span><span data-ccp-props=\"{&quot;134233117&quot;:false,&quot;134233118&quot;:false,&quot;335551550&quot;:6,&quot;335551620&quot;:6}\">\u00a0<\/span><\/p>\n<p style=\"padding-left: 40px;\"><span data-contrast=\"none\">1.5.2 sisseastumisvestluste, testide ja\/v\u00f5i praktiliste katsete sooritamisel.<\/span><span data-ccp-props=\"{&quot;134233117&quot;:false,&quot;134233118&quot;:false,&quot;335551550&quot;:6,&quot;335551620&quot;:6}\">\u00a0<\/span><\/p>\n<p><span data-contrast=\"none\">1.6 \u00d5pilaste kooli vastuv\u00f5tmise korraldamiseks moodustab vastuv\u00f5tukomisjoni direktor oma k\u00e4skkirjaga m\u00e4\u00e4ramata ajaks.<\/span><span data-ccp-props=\"{&quot;134233117&quot;:false,&quot;134233118&quot;:false,&quot;335551550&quot;:6,&quot;335551620&quot;:6}\">\u00a0<\/span><\/p>\n<p><span data-contrast=\"none\">1.7 Kooli vastuv\u00f5tukomisjon v\u00f5ib pikendada dokumentide vastuv\u00f5ttu vabade kohtade olemasolul v\u00e4ljakuulutatud vastuv\u00f5tuperioodi l\u00f5ppemisel ja korraldada t\u00e4iendava vastuv\u00f5tu. T\u00e4iendavast vastuv\u00f5tust teavitatakse avalikkust samuti nagu p\u00f5hivastuv\u00f5tu puhul.<\/span><span data-ccp-props=\"{&quot;134233117&quot;:false,&quot;134233118&quot;:false,&quot;335551550&quot;:6,&quot;335551620&quot;:6}\">\u00a0<\/span><\/p>\n<h3 aria-level=\"3\"><strong>2 Kool:<\/strong><\/h3>\n<p><span data-contrast=\"none\">2.1 teavitab \u00fcldsust vastuv\u00f5tu tingimustest, korrast ja ajakavast oma kodulehel <\/span><a href=\"https:\/\/www.teeninduskool.ee\/\"><span data-contrast=\"none\">www.teeninduskool.ee<\/span><\/a><span data-contrast=\"none\"> ja vastuv\u00f5tu infos\u00fcsteemi <\/span><a href=\"http:\/\/www.sais.ee\/\"><span data-contrast=\"none\">www.sais.ee<\/span><\/a><span data-contrast=\"none\"> kaudu;<\/span><span data-ccp-props=\"{&quot;134233117&quot;:false,&quot;134233118&quot;:false,&quot;335551550&quot;:6,&quot;335551620&quot;:6}\">\u00a0<\/span><\/p>\n<p><span data-contrast=\"none\">2.2 teavitab \u00f5pilaskandidaati \u00f5ppekava eesm\u00e4rkidest, \u00f5piv\u00e4ljunditest kooli kodulehel \u00f5ppekavade lingi all;<\/span><span data-ccp-props=\"{&quot;134233117&quot;:false,&quot;134233118&quot;:false,&quot;335551550&quot;:6,&quot;335551620&quot;:6}\">\u00a0<\/span><\/p>\n<p><span data-contrast=\"none\">2.3 teavitab kooli \u00f5ppet\u00f6\u00f6 korraldusest kooli kodulehel samanimelise lingi all;<\/span><span data-ccp-props=\"{&quot;134233117&quot;:false,&quot;134233118&quot;:false,&quot;335551550&quot;:6,&quot;335551620&quot;:6}\">\u00a0<\/span><\/p>\n<p><span data-contrast=\"none\">2.4 vajadusel n\u00f5ustab \u00f5pilaskandidaati \u00f5ppekava ja \u00f5ppevormi valikul vastuv\u00f5tukomisjoni v\u00f5i vastuv\u00f5tujuhi poolt;<\/span><span data-ccp-props=\"{&quot;134233117&quot;:false,&quot;134233118&quot;:false,&quot;335551550&quot;:6,&quot;335551620&quot;:6}\">\u00a0<\/span><\/p>\n<p><span data-contrast=\"none\">2.5 vajadusel n\u00f5ustab \u00f5pilaskandidaati varasema \u00f5pi- ja t\u00f6\u00f6kogemuse arvestamise v\u00f5imalustest vastuv\u00f5tu tingimuste ja \u00f5ppekava t\u00e4itmisel, vastuv\u00f5tukomisjoni liikme v\u00f5i \u00f5ppen\u00f5ustaja poolt, soovi esitamisel vastuv\u00f5tukomisjoni t\u00f6\u00f6tajale;<\/span><span data-ccp-props=\"{&quot;134233117&quot;:false,&quot;134233118&quot;:false,&quot;335551550&quot;:6,&quot;335551620&quot;:6}\">\u00a0<\/span><\/p>\n<p><span data-contrast=\"none\">2.6 vajadusel n\u00f5ustab HEV \u00f5pilaskandidaati \u00f5ppekava ja \u00f5ppevormi valikul vastuv\u00f5tukomisjoni t\u00f6\u00f6taja v\u00f5i tugikeskuse t\u00f6\u00f6taja v\u00f5i tulevase r\u00fchmajuhendaja poolt, soovi esitamisel vastuv\u00f5tukomisjoni t\u00f6\u00f6tajale;<\/span><span data-ccp-props=\"{&quot;134233117&quot;:false,&quot;134233118&quot;:false,&quot;335551550&quot;:6,&quot;335551620&quot;:6}\">\u00a0<\/span><\/p>\n<p><span data-contrast=\"none\">2.7 koostab vastuv\u00f5tuvestluste ja -katsete tulemuste alusel kuni \u00fche kuu jooksul arvates avalduste vastuv\u00f5tmise l\u00f5ppemise t\u00e4htp\u00e4evast \u00f5pilaskandidaatide pingerea, mille avalikustab kodeeritult kooli infostendil ja kooli veebilehel, korraldab \u00f5pilaskandidaatide \u00f5ppima asumise kinnituse registreerimise ning esitab kooli direktorile kinnitamiseks \u00f5pilaskandidaatide nimekirja;<\/span><span data-ccp-props=\"{&quot;134233117&quot;:false,&quot;134233118&quot;:false,&quot;335551550&quot;:6,&quot;335551620&quot;:6}\">\u00a0<\/span><\/p>\n<p><span data-contrast=\"none\">2.8 korraldab t\u00e4iendava vastuv\u00f5tu kooli vabade koolituskohtade olemasolul;<\/span><span data-ccp-props=\"{&quot;134233117&quot;:false,&quot;134233118&quot;:false,&quot;335551550&quot;:6,&quot;335551620&quot;:6}\">\u00a0<\/span><\/p>\n<p><span data-contrast=\"none\">2.9 korraldab vastuv\u00f5tuga seotud aruandluse;<\/span><span data-ccp-props=\"{&quot;134233117&quot;:false,&quot;134233118&quot;:false,&quot;335551550&quot;:6,&quot;335551620&quot;:6}\">\u00a0<\/span><\/p>\n<p><span data-contrast=\"none\">2.10 \u00d5pilaste vastuv\u00f5tu korra t\u00e4itmise eest vastutab ja k\u00f5ik kooli sisseastumisega seotud ning k\u00e4esoleva korraga reguleerimata k\u00fcsimused lahendab l\u00f5plikult vastuv\u00f5tukomisjon.<\/span><span data-ccp-props=\"{&quot;134233117&quot;:false,&quot;134233118&quot;:false,&quot;335551550&quot;:6,&quot;335551620&quot;:6}\">\u00a0<\/span><\/p>\n<p><span data-contrast=\"none\">2.11 \u00d5pilaste vastuv\u00f5tu kord on k\u00e4ttesaadav kooli kodulehel ja vastuv\u00f5tu ajal koolis infostendidel.<\/span><span data-ccp-props=\"{&quot;134233117&quot;:false,&quot;134233118&quot;:false,&quot;335551550&quot;:6,&quot;335551620&quot;:6}\">\u00a0<\/span><\/p>\n<h3><strong>3 \u00d5pilaskandidaadi esitatavad dokumendid<\/strong><\/h3>\n<p><span data-contrast=\"none\">3.1 Kooli vastuv\u00f5tmiseks esitab \u00f5pilaskandidaat avalduse elektrooniliselt v\u00f5i paberkandjal. Elektroonilise avalduse esitamisel tuvastatakse avalduse esitaja isik digitaalselt.<\/span><span data-ccp-props=\"{&quot;134233117&quot;:false,&quot;134233118&quot;:false,&quot;335551550&quot;:6,&quot;335551620&quot;:6}\">\u00a0<\/span><\/p>\n<p><span data-contrast=\"none\">3.2 \u00d5pilaskandidaat lisab avaldusele dokumendid, mis on kirjeldatud vastuv\u00f5tutingimustes kooli kodulehel:<\/span><span data-ccp-props=\"{&quot;134233117&quot;:false,&quot;134233118&quot;:false,&quot;335551550&quot;:6,&quot;335551620&quot;:6}\">\u00a0<\/span><\/p>\n<p style=\"padding-left: 40px;\"><span data-contrast=\"none\">3.2.1 Pass v\u00f5i ID-kaart.<\/span><span data-ccp-props=\"{&quot;134233117&quot;:false,&quot;134233118&quot;:false,&quot;335551550&quot;:6,&quot;335551620&quot;:6}\">\u00a0<\/span><\/p>\n<p style=\"padding-left: 40px;\"><span data-contrast=\"none\">3.2.2 Haridust t\u00f5endav dokument koos hinnetelehega v\u00f5i dokumendi originaali alusel koolis kinnitatud koopia.<\/span><span data-ccp-props=\"{&quot;134233117&quot;:false,&quot;134233118&quot;:false,&quot;335551550&quot;:6,&quot;335551620&quot;:6}\">\u00a0<\/span><\/p>\n<p style=\"padding-left: 40px;\"><span data-contrast=\"none\">3.2.3 Kutsekeskhariduse omandamist v\u00f5imaldava \u00f5ppekava alusel \u00f5ppima asumisel n\u00f5utakse p\u00f5hihariduse olemasolu. V\u00e4hemalt 22 aasta vanuselt p\u00f5hihariduseta isikult n\u00f5utakse p\u00f5hihariduse tasemele vastavate kompetentside olemasolu, mida hinnatakse koolis testiga. Vastava sooviavalduse peab kandidaat esitama vastuv\u00f5tukomisjonile.<\/span><span data-ccp-props=\"{&quot;134233117&quot;:false,&quot;134233118&quot;:false,&quot;335551550&quot;:6,&quot;335551620&quot;:6}\">\u00a0<\/span><\/p>\n<p style=\"padding-left: 40px;\"><span data-contrast=\"none\">3.2.4 Kutsekeskhariduse tasemele kandideerimisel tuleb t\u00f5endada keeleoskust riigikeeleoskuse tunnistusega (kui ei ole l\u00f5petatud eestikeelne kool; v\u00e4ljaprinti on v\u00f5imalik teha\u202f<\/span><a href=\"http:\/\/www.eesti.ee\/\"><span data-contrast=\"none\">eesti.ee<\/span><\/a><span data-contrast=\"none\">\u202fportaalist). Selle puudumisel lisandub vastuv\u00f5tukatse \u00f5ppimiseks piisava keeleoskuse t\u00f5endamiseks.<\/span><span data-ccp-props=\"{&quot;134233117&quot;:false,&quot;134233118&quot;:false,&quot;335551550&quot;:6,&quot;335551620&quot;:6}\">\u00a0<\/span><\/p>\n<p style=\"padding-left: 40px;\"><span data-contrast=\"none\">3.2.5 V\u00e4ljav\u00f5te kooli tervisekaardist, \u00f5pilaskandidaadi tervisliku seisundi kohta v\u00e4ljastatud t\u00f5end v\u00f5i selle koopia, kui \u00f5pilaskandidaat on alaealine ja kui see on n\u00f5utud konkursi tingimustes.<\/span><span data-ccp-props=\"{&quot;134233117&quot;:false,&quot;134233118&quot;:false,&quot;335551550&quot;:6,&quot;335551620&quot;:6}\">\u00a0<\/span><\/p>\n<p style=\"padding-left: 40px;\"><span data-contrast=\"none\">3.2.6 Motivatsioonikiri, kui see on n\u00f5utud konkursi tingimustes;<\/span><span data-ccp-props=\"{&quot;134233117&quot;:false,&quot;134233118&quot;:false,&quot;335551550&quot;:6,&quot;335551620&quot;:6}\">\u00a0<\/span><\/p>\n<p style=\"padding-left: 40px;\"><span data-contrast=\"none\">3.2.7 CV, kui see on n\u00f5utud konkursi tingimustes;<\/span><span data-ccp-props=\"{&quot;134233117&quot;:false,&quot;134233118&quot;:false,&quot;335551550&quot;:6,&quot;335551620&quot;:6}\">\u00a0<\/span><\/p>\n<p style=\"padding-left: 40px;\"><span data-contrast=\"none\">3.2.8 T\u00f6\u00f6kohap\u00f5histe \u00f5ppekavade puhul <a href=\"https:\/\/www.teeninduskool.ee\/wp-content\/uploads\/2017\/05\/soovituskiri1.pdf\">soovituskiri<\/a> t\u00f6\u00f6andjalt, kui see on n\u00f5utud konkursi tingimustes;<\/span><span data-ccp-props=\"{&quot;134233117&quot;:false,&quot;134233118&quot;:false,&quot;335551550&quot;:6,&quot;335551620&quot;:6}\">\u00a0<\/span><\/p>\n<p style=\"padding-left: 40px;\"><span data-contrast=\"none\">3.2.9 J\u00e4tku\u00f5ppesse astumisel konkursi tingimustes n\u00f5utud kutsetaseme tunnistus v\u00f5i vastavate kompetentside olemasolu t\u00f5endav eneseanal\u00fc\u00fcs;<\/span><span data-ccp-props=\"{&quot;134233117&quot;:false,&quot;134233118&quot;:false,&quot;335551550&quot;:6,&quot;335551620&quot;:6}\">\u00a0<\/span><\/p>\n<p style=\"padding-left: 40px;\"><span data-contrast=\"none\">3.2.10 Alaealise kandidaadi puhul lapsevanema v\u00f5i hooldaja kirjalik v\u00f5i digitaalselt allkirjastatud\u202f<\/span><a href=\"https:\/\/www.teeninduskool.ee\/wp-content\/uploads\/2020\/06\/nousolek_2020.docx\"><span data-contrast=\"none\">n\u00f5usolek<\/span><\/a><span data-contrast=\"none\">.<\/span><span data-ccp-props=\"{&quot;134233117&quot;:false,&quot;134233118&quot;:false,&quot;335551550&quot;:6,&quot;335551620&quot;:6}\">\u00a0<\/span><\/p>\n<p><span data-contrast=\"none\">3.3. V\u00e4lismaalastel on v\u00f5imalik Tallinna Teeninduskooli kandideerida kutse\u00f5ppesse j\u00e4rgmistel tingimustel ja lisaks vastava eriala kandideerimisdokumentidele peab \u00f5pilaskandidaat isiklikult esitama:<\/span><span data-ccp-props=\"{&quot;134233117&quot;:false,&quot;134233118&quot;:false,&quot;335551550&quot;:6,&quot;335551620&quot;:6}\">\u00a0<\/span><\/p>\n<p style=\"padding-left: 40px;\"><span data-contrast=\"none\">3.3.1 Haridust t\u00f5endava dokumendi originaali koos hinnetelehega v\u00f5i dokumendi originaali alusel koolis kinnitatud koopia.<\/span><span data-ccp-props=\"{&quot;134233117&quot;:false,&quot;134233118&quot;:false,&quot;335551550&quot;:6,&quot;335551620&quot;:6}\">\u00a0<\/span><\/p>\n<p style=\"padding-left: 40px;\"><span data-contrast=\"none\">3.3.2\u00a0dokumendi, milles on m\u00e4rge alalise v\u00f5i kehtiva t\u00e4htajalise elamisloa v\u00f5i elamis\u00f5iguse kohta, v\u00f5i selle puudumise korral p\u00e4deva asutuse kirjalikku taasesitamist v\u00f5imaldavas vormis t\u00f5end tema seadusliku viibimise kohta Eesti Vabariigis;<\/span><span data-ccp-props=\"{&quot;134233117&quot;:false,&quot;134233118&quot;:false,&quot;335551550&quot;:6,&quot;335551620&quot;:6}\">\u00a0<\/span><\/p>\n<p style=\"padding-left: 40px;\"><span data-contrast=\"none\">3.3.3<\/span> <a href=\"https:\/\/archimedes.ee\/enic\/\"><span data-contrast=\"none\">Eesti ENIC\/NARIC keskuse<\/span><\/a><span data-contrast=\"none\">\u202fhinnangu kui haridust t\u00f5endav dokument on v\u00e4lja antud\u202fv\u00e4ljapool Eestit ja kes soovivad \u00f5ppima asuda \u00f5ppekavadele, millel on keskhariduse n\u00f5ue. V\u00e4lisriigis v\u00e4ljaantud muukeelne dokument peab olema t\u00f5lgitud eesti, vene v\u00f5i inglise keelde ning t\u00f5lge peab olema vandet\u00f5lgi tehtud.<\/span><span data-ccp-props=\"{&quot;134233117&quot;:false,&quot;134233118&quot;:false,&quot;335551550&quot;:6,&quot;335551620&quot;:6}\">\u00a0<\/span><\/p>\n<p><span data-contrast=\"none\">3.4. Kooli vastuv\u00f5tmiseks vajalikud dokumendid v\u00f5ib esitada \u00f5pilaskandidaadi esindaja, kui \u00f5pilaskandidaadil ei ole v\u00f5imalik seda isiklikult teha. Kui dokumendid esitab \u00f5pilaskandidaadi esindaja, esitab ta lisaks eelpool loetletud dokumentidele esindus\u00f5igust t\u00f5endava dokumendi.<\/span><span data-ccp-props=\"{&quot;134233117&quot;:false,&quot;134233118&quot;:false,&quot;335551550&quot;:6,&quot;335551620&quot;:6}\">\u00a0<\/span><\/p>\n<p><span data-contrast=\"none\">3.5. Alla 15-aastase alaealise v\u00f5i piiratud teov\u00f5imega v\u00e4lismaalasest isiku taotluse ja esitatava t\u00f5endi allkirjastab tema seaduslik esindaja. Kool tuvastab vajadusel \u00f5pilaskandidaadi esindaja isiku elektroonilise avalduse esitamisel digitaalselt ning paberkandjal avalduse esitamisel isikut t\u00f5endava dokumendi alusel.<\/span><span data-ccp-props=\"{&quot;134233117&quot;:false,&quot;134233118&quot;:false,&quot;335551550&quot;:6,&quot;335551620&quot;:6}\">\u00a0<\/span><\/p>\n<p><span data-contrast=\"none\">3.6. Kui \u00f5pilaskandidaadi avaldusel olevad andmed on puudulikud v\u00f5i pole esitatud k\u00f5iki n\u00f5utavad dokumente m\u00e4\u00e4ratud kuup\u00e4evaks, on koolil \u00f5igus tema avaldus tagasi l\u00fckata.<\/span><span data-ccp-props=\"{&quot;134233117&quot;:false,&quot;134233118&quot;:false,&quot;335551550&quot;:6,&quot;335551620&quot;:6}\">\u00a0<\/span><\/p>\n<h3><strong>4 \u00d5pilaskandidaatide kandideerimisprotsess<\/strong><\/h3>\n<p>4.1 \u00d5pilaskandidaat sooritab vastavalt vastuv\u00f5tutingimustele vastuv\u00f5tukatsed (katsed, testid, vestlused, jmt), mida hinnatakse punktis\u00fcsteemis. Iga skaalat tutvustab kandidaatidele vestluskomisjon.<\/p>\n<p>4.2 Kui \u00f5pilaskandidaadi emakeel ei ole eesti keel ja ta ei ole sooritanud eesti keele emakeelena riigieksamit, tuleb kandidaadil sooritada eesti keele oskuse test.<\/p>\n<p>4.3 Vastuv\u00f5etavate \u00f5pilaste nimekiri moodustub punktide alusel koostatud paremusj\u00e4rjestuses, vastuv\u00f5etavate arvu erialal m\u00e4\u00e4rab kooli n\u00f5ukogu.<\/p>\n<h3><strong>5 \u00d5pilaskandidaadi kandmine kooli \u00f5pilaste nimekirja<\/strong><\/h3>\n<p><span data-contrast=\"none\">5.1 Vastuv\u00f5tukomisjoni otsusega kooli vastu v\u00f5etud \u00f5pilaskandidaat on kohustatud kinnitama oma \u00f5ppima asumist kooli m\u00e4\u00e4ratud t\u00e4htajaks.<\/span><span data-ccp-props=\"{&quot;134233117&quot;:false,&quot;134233118&quot;:false,&quot;335551550&quot;:6,&quot;335551620&quot;:6}\">\u00a0<\/span><\/p>\n<p><span data-contrast=\"none\">5.2 \u00d5pilaskandidaat saab kinnitada oma \u00f5ppima asumist vastuv\u00f5tu infos\u00fcsteemis v\u00f5i kirjalikku taasesitamist v\u00f5imaldavas vormis. Kui vastuv\u00f5etud \u00f5pilaskandidaat on alaealine, lisatakse kinnitusele vanema v\u00f5i eestkostja n\u00f5usolek kirjalikku taasesitamist v\u00f5imaldavas vormis.<\/span><span data-ccp-props=\"{&quot;134233117&quot;:false,&quot;134233118&quot;:false,&quot;335551550&quot;:6,&quot;335551620&quot;:6}\">\u00a0<\/span><\/p>\n<p><span data-contrast=\"none\">5.3 \u00d5ppima asumise kinnitamisega kinnitab \u00f5pilaskandidaat v\u00f5i tema vanem\/eestkostja, et \u00f5pilaskandidaadi tervislik seisund v\u00f5imaldab valitud erialal \u00f5ppida.<\/span><span data-ccp-props=\"{&quot;134233117&quot;:false,&quot;134233118&quot;:false,&quot;335551550&quot;:6,&quot;335551620&quot;:6}\">\u00a0<\/span><\/p>\n<p><span data-contrast=\"none\">5.4 Etten\u00e4htud ajaks \u00f5ppima asumisest teavitamata j\u00e4tmine loetakse \u00f5ppekohast loobumiseks ja vabanenud \u00f5ppekoht t\u00e4idetakse pingerea j\u00e4rgmise kandidaadiga, kes soovib \u00f5ppima asuda.<\/span><span data-ccp-props=\"{&quot;134233117&quot;:false,&quot;134233118&quot;:false,&quot;335551550&quot;:6,&quot;335551620&quot;:6}\">\u00a0<\/span><\/p>\n<p><span data-contrast=\"none\">5.5 Hiljemalt \u00f5ppet\u00f6\u00f6 alguseks kantakse \u00f5pilaskandidaadid kooli direktori k\u00e4skkirjaga kooli \u00f5pilaste nimekirja ning korraldatakse \u00f5pilaste registreerimine hariduse infos\u00fcsteemis, l\u00e4htudes vastuv\u00f5tukomisjoni ettepanekust ja \u00f5pilaskandidaatide kinnitusest asuda kooli \u00f5ppima.<\/span><span data-ccp-props=\"{&quot;134233117&quot;:false,&quot;134233118&quot;:false,&quot;335551550&quot;:6,&quot;335551620&quot;:6}\">\u00a0<\/span><\/p>\n<p><span data-contrast=\"none\">5.6 Kahe n\u00e4dala jooksul p\u00e4rast \u00f5ppet\u00f6\u00f6 algust m\u00f5juva p\u00f5hjuseta \u00f5ppet\u00f6\u00f6le mitte asunud esimese aasta \u00f5pilane kustutatakse \u00f5pilaste nimekirjast. Vabanenud kohale v\u00f5ib asuda pingereas j\u00e4rgmine \u00f5pilaskandidaat.<\/span><span data-ccp-props=\"{&quot;134233117&quot;:false,&quot;134233118&quot;:false,&quot;335551550&quot;:6,&quot;335551620&quot;:6}\">\u00a0<\/span><\/p>\n<p><span data-contrast=\"none\">5.7 Kui vastuv\u00f5etud \u00f5pilaskandidaat on piiratud teov\u00f5imega, kinnitab vanem v\u00f5i eestkostja kirjalikku taasesitamist v\u00f5imaldavas vormis \u00f5pilaskandidaadi kooli \u00f5ppima asumise.<\/span><span data-ccp-props=\"{&quot;134233117&quot;:false,&quot;134233118&quot;:false,&quot;335551550&quot;:6,&quot;335551620&quot;:6}\">\u00a0<\/span><\/p>\n<p><span data-contrast=\"none\">5.8 Alaealise \u00f5pilaskandidaadi puhul annab tema vanem\/eestkostja n\u00f5usoleku oma lapse\/hoolduslapse isikuandmete t\u00f6\u00f6tlemiseks vastavalt isikandmete kaitse \u00fcldm\u00e4\u00e4rusele 2016\/679 ning hariduslike erivajaduste tuvastamisel rakendada lapsele individuaalset \u00f5ppekava ja\/v\u00f5i teisi tugimeetmeid, mis kantakse <a href=\"https:\/\/www.ehis.ee\/\">EHIS-sse<\/a>.<\/span><span data-ccp-props=\"{&quot;134233117&quot;:false,&quot;134233118&quot;:false,&quot;335551550&quot;:6,&quot;335551620&quot;:6}\">\u00a0<\/span><\/p>\n<h3><strong>6 \u00d5pilase vastuv\u00f5tmine \u00f5ppeaasta keskel<\/strong><\/h3>\n<p><span data-contrast=\"none\">6.1 \u00d5pilasi v\u00f5ib kooli vastu v\u00f5tta alanud \u00f5ppet\u00f6\u00f6ga \u00f5ppekavale \u00f5ppeaasta keskel vabade \u00f5ppekohtade olemasolul ja k\u00e4esolevas korras nimetatud dokumentide olemasolul.<\/span><span data-ccp-props=\"{&quot;134233117&quot;:false,&quot;134233118&quot;:false,&quot;335551550&quot;:6,&quot;335551620&quot;:6}\">\u00a0<\/span><\/p>\n<p><span data-contrast=\"none\">6.2 \u00d5pilaskandidaat peab t\u00f5estama, et tema \u00f5pi- ja t\u00f6\u00f6kogemused ja oskused vastavad liitumisel vastaval tasemel oleva \u00f5pper\u00fchma ja -kavaga.<\/span><span data-ccp-props=\"{&quot;134233117&quot;:false,&quot;134233118&quot;:false,&quot;335551550&quot;:6,&quot;335551620&quot;:6}\">\u00a0<\/span><\/p>\n<p><span data-contrast=\"none\">6.3 \u00d5ppeaasta kestel vastuv\u00f5etavate \u00f5pilaste avaldusi menetlevad vastuv\u00f5tujuht ja vastava \u00f5ppekavar\u00fchma juhtiv\u00f5petaja vastavalt \u00d5KE p 15.<\/span><span data-ccp-props=\"{&quot;134233117&quot;:false,&quot;134233118&quot;:false,&quot;335551550&quot;:6,&quot;335551620&quot;:6}\">\u00a0<\/span><\/p>\n<h3><strong>7 Vaidlustamine<\/strong><\/h3>\n<p>7.1 <span class=\"TextRun SCXW224243866 BCX0\" lang=\"ET-EE\" xml:lang=\"ET-EE\" data-contrast=\"none\"><span class=\"NormalTextRun SCXW224243866 BCX0\" data-ccp-parastyle=\"Normal (Web)\">Direktori k\u00e4skkirja \u00f5pilaskandidaatide kandmisest kooli \u00f5pilaste nimekirja on \u00f5pilaskandidaadil v\u00f5imalik vaidlustada, esitades vaide haldusmenetluse seaduses kehtestatud korras v\u00f5i esitades kaebuse halduskohtusse halduskohtumenetluse seadustikus kehtestatud korras.<\/span><\/span><\/p>\n","protected":false},"excerpt":{"rendered":"<p>Kinnitatud kooli n\u00f5ukogus 31.08.2022 Tallinna Teeninduskooli \u00f5ppekorralduseeskirja lisa 1 1 \u00dclds\u00e4tted 1.1 Uute \u00f5pilaste vastuv\u00f5tt toimub vastuv\u00f5tukorra alusel, mille aluseks on haridus- ja teadusministri 01.09.2018 m\u00e4\u00e4rus nr 14, \u201e\u00d5pilase kutse\u00f5ppeasutusse vastuv\u00f5tu kord\u201c.\u00a0 1.2 \u00d5igus&#46;&#46;&#46;<\/p>\n","protected":false},"author":4,"featured_media":7017,"parent":0,"menu_order":0,"comment_status":"closed","ping_status":"closed","template":"","meta":{"footnotes":""},"class_list":["post-12918","page","type-page","status-publish","has-post-thumbnail","hentry"],"_links":{"self":[{"href":"https:\/\/www.teeninduskool.ee\/index.php?rest_route=\/wp\/v2\/pages\/12918","targetHints":{"allow":["GET"]}}],"collection":[{"href":"https:\/\/www.teeninduskool.ee\/index.php?rest_route=\/wp\/v2\/pages"}],"about":[{"href":"https:\/\/www.teeninduskool.ee\/index.php?rest_route=\/wp\/v2\/types\/page"}],"author":[{"embeddable":true,"href":"https:\/\/www.teeninduskool.ee\/index.php?rest_route=\/wp\/v2\/users\/4"}],"replies":[{"embeddable":true,"href":"https:\/\/www.teeninduskool.ee\/index.php?rest_route=%2Fwp%2Fv2%2Fcomments&post=12918"}],"version-history":[{"count":5,"href":"https:\/\/www.teeninduskool.ee\/index.php?rest_route=\/wp\/v2\/pages\/12918\/revisions"}],"predecessor-version":[{"id":15452,"href":"https:\/\/www.teeninduskool.ee\/index.php?rest_route=\/wp\/v2\/pages\/12918\/revisions\/15452"}],"wp:featuredmedia":[{"embeddable":true,"href":"https:\/\/www.teeninduskool.ee\/index.php?rest_route=\/wp\/v2\/media\/7017"}],"wp:attachment":[{"href":"https:\/\/www.teeninduskool.ee\/index.php?rest_route=%2Fwp%2Fv2%2Fmedia&parent=12918"}],"curies":[{"name":"wp","href":"https:\/\/api.w.org\/{rel}","templated":true}]}}