{"id":14453,"date":"2021-12-27T15:47:15","date_gmt":"2021-12-27T13:47:15","guid":{"rendered":"https:\/\/www.teeninduskool.ee\/?page_id=14453"},"modified":"2022-11-11T10:18:09","modified_gmt":"2022-11-11T08:18:09","slug":"taiendusoppe-korraldamise-tingimused-ja-kord-tallinna-teeninduskoolis","status":"publish","type":"page","link":"https:\/\/www.teeninduskool.ee\/?page_id=14453","title":{"rendered":"T\u00e4iendus\u00f5ppe korraldamise tingimused ja kord Tallinna Teeninduskoolis"},"content":{"rendered":"<p style=\"text-align: right;\"><em><span style=\"font-size: 10pt;\">Kinnitatud kooli n\u00f5ukogus 31.08.2022<br \/>\nTallinna Teeninduskooli <a href=\"https:\/\/www.teeninduskool.ee\/wp-content\/uploads\/2022\/09\/OKE_2022_31_08.pdf\">\u00f5ppekorralduseeskirja<\/a> lisa 8<\/span><\/em><\/p>\n<h3>1 Korra reguleerimisala<\/h3>\n<p>K\u00e4esolev kord reguleerib t\u00e4iendus\u00f5ppe korraldamise tingimusi ja korda Tallinna Teeninduskoolis. K\u00e4esoleva korra aluseks on haridus- ja teadusministri m\u00e4\u00e4rus 18.09.2013 nr 33\u00a0<a href=\"https:\/\/www.riigiteataja.ee\/akt\/120092013010\">\u201cKutse\u00f5ppeasutuses t\u00e4iendus\u00f5ppe korraldamise tingimused ja kord\u201d<\/a>.<\/p>\n<h3>2 Kursuste komplekteerimise kord<\/h3>\n<p><span data-contrast=\"auto\">2.1 \u00d5ppet\u00f6\u00f6 toimub aastaringselt kursustena, p\u00e4evases ja \u00f5htuses \u00f5ppevormis, Tekos \u00f5petatavates v\u00f5i nendega seotud valdkondades. Tunniplaan on k\u00e4ttesaadav kodulehel t\u00e4ienduskoolituse tunniplaani all \u00f5ppet\u00f6\u00f6le eelneva n\u00e4dala reedest. Kursuse pikkuse arvestamise aluseks on akadeemiline tund (45 minutit).<\/span><span data-ccp-props=\"{&quot;335551550&quot;:6,&quot;335551620&quot;:6}\">\u00a0<\/span><\/p>\n<p><span data-contrast=\"auto\">2.2 Kursustele tuleb eelnevalt registreeruda kooli kodulehel Juhani koolitusprogrammi kaudu. Kui koolituskohad on t\u00e4itunud, saab registreeruda ka ootenimekirja. \u00d5nnestunud registreerumise korral saab registreeruja automaatse kinnituskirja e- meilile. <\/span><span data-ccp-props=\"{&quot;335551550&quot;:6,&quot;335551620&quot;:6}\">\u00a0<\/span><\/p>\n<p><span data-contrast=\"auto\">2.3 Tasuta kursused komplekteeritakse hiljemalt 2 n\u00e4dalat enne koolituse algust. Tasuta kursusele saamise eeldused on sihtgruppi kuulumine, \u00f5pingute alustamiseks vajalike n\u00f5uete t\u00e4itmine ja osaleja motiveeritus. Gruppi p\u00e4\u00e4semise v\u00f5i mittep\u00e4\u00e4semisest teavitame e- maili teel.<\/span><span data-ccp-props=\"{&quot;335551550&quot;:6,&quot;335551620&quot;:6}\">\u00a0<\/span><\/p>\n<p><span data-contrast=\"auto\">2.4 Tasuta kursusele \u00f5ppima asudes tuleb k\u00f5igil osalejatel hiljemalt esimesel \u00f5ppep\u00e4eval t\u00e4ita vastav kursusel osalemise avaldus ning see allkirjastada.<\/span><span data-ccp-props=\"{&quot;335551550&quot;:6,&quot;335551620&quot;:6}\">\u00a0<\/span><\/p>\n<p><span data-contrast=\"auto\">2.5 Koolil on grupi mittet\u00e4itumisel \u00f5igus kursuse toimumine edasi l\u00fckata grupi t\u00e4itumiseni v\u00f5i kursus \u00e4ra j\u00e4tta. Registreerunuid teavitatakse edasil\u00fckkumisest v\u00f5i \u00e4raj\u00e4\u00e4misest telefoni v\u00f5i e-posti teel hiljemalt 3 p\u00e4eva enne kursuse algust. Kursuste muutunud ajakava avaldatakse kooli kodulehel. Kursuse \u00e4raj\u00e4\u00e4misel makstakse \u00f5ppetasu tagasi.<\/span><span data-ccp-props=\"{&quot;335551550&quot;:6,&quot;335551620&quot;:6}\">\u00a0<\/span><\/p>\n<p><span data-contrast=\"auto\">2.6 Kui kursusele registreerunul ei ole v\u00f5imalik kursusest osa v\u00f5tta, tuleb sellest viivitamatult teavitada koolituskeskuse juhti e-meili teel<\/span> <a href=\"mailto:moonika.aedmaa@teeninduskool.ee\"><span data-contrast=\"none\">moonika.aedmaa@teeninduskool.ee<\/span><\/a><span data-contrast=\"none\">\u00a0<\/span><span data-ccp-props=\"{&quot;335551550&quot;:6,&quot;335551620&quot;:6}\">\u00a0<\/span><\/p>\n<h3>3 T\u00e4iendus\u00f5ppe \u00f5ppekava osalise l\u00e4bimise v\u00f5imalused ja tingimused<\/h3>\n<p>3.1 \u00d5ppijale, kes on t\u00e4itnud \u00f5ppekavas kirjeldatud n\u00f5uded \u00f5pingute l\u00f5petamiseks v\u00e4ljastatakse tunnistus kursuse l\u00e4bimise kohta.<\/p>\n<p>3.2 \u00d5ppijale, kes \u00f5ppekavas kirjeldatud n\u00f5udeid \u00f5pingute l\u00f5petamiseks ei t\u00e4ida, kuid on osalenud \u00f5ppet\u00f6\u00f6s, v\u00e4ljastatakse osaleja soovi korral t\u00f5end vastavalt osaletud kontakttundide arvule, kuid mitte juhul, kui \u00f5ppija osales v\u00e4hem kui 50% kontakttundidest.<\/p>\n<p>3.3 Tunnistused v\u00f5i t\u00f5endid v\u00e4ljastatakse eesti keeles, asutuse esindaja digitaalse allkirjaga ning registreeritakse vastavas registris.<\/p>\n<p>3.4 Tunnistused v\u00f5i t\u00f5endid saadetakse e-posti teel \u00f5ppija registreerimisankeedis m\u00e4rgitud meiliaadressile hiljemalt 5 t\u00f6\u00f6p\u00e4eva p\u00e4rast kursuse l\u00f5ppu.<\/p>\n<p>3.5 Tunnistuse kaotamisel, h\u00e4vimisel v\u00f5i rikkumisel v\u00e4ljastatakse Tallinna Teeninduskooli t\u00e4ienduskoolituse l\u00e4binud isikule tunnistuse duplikaat.<\/p>\n<h3>4 Kursuste praktikakorraldus<\/h3>\n<p>4.1 Praktiline \u00f5pe ja eelnev t\u00f6\u00f6ohutusalane juhendamine viiakse l\u00e4bi vastavalt koolituse \u00f5ppekavas kirjeldatud t\u00f6\u00f6de loetelule Tallinna Teeninduskooli \u00f5ppelaborites v\u00f5i koost\u00f6\u00f6partnerite ruumides juhendaja korraldamisel.<\/p>\n<p>4.2 Praktika koost\u00f6\u00f6partnerite juures viiakse l\u00e4bi kolmepoolse (Tallinna Teeninduskool, koost\u00f6\u00f6partner, \u00f5ppija) lepingu alusel. Lepingus s\u00e4testatakse praktika toimumise korraldus ning poolte \u00f5igused ja kohustused.<\/p>\n<p>4.. Praktilise t\u00f6\u00f6 sooritamiseks vajalikud materjalid ja t\u00f6\u00f6vahendid v\u00e4ljastab ning \u00fcldise korra ja t\u00f6\u00f6ohutuse eest vastutab praktika juhendaja.<\/p>\n<h3>5 Kursustel \u00f5ppijate \u00f5ppet\u00f6\u00f6st osav\u00f5tu arvestamise alused<\/h3>\n<p>5.1 Osaleja t\u00e4idab registreerimislehe oma isikuandmetega (nimi, isikukood, kontaktandmed), mis kantakse \u00d5ISi. Isikuandmeid t\u00f6\u00f6deldakse vastavalt isikuandmete kaitse seadusele.<\/p>\n<p>5.2 \u00d5ppet\u00f6\u00f6st osav\u00f5ttu kinnitab \u00f5ppija allkirjaga igal koolituskorral vastaval osav\u00f5tulehel.<\/p>\n<p>5.3 Kursus loetakse l\u00e4bituks, kui \u00f5ppija on t\u00e4itnud \u00f5ppekava kontakttundide mahust v\u00e4hemalt 70% ja saavutanud \u00f5ppekavas kirjeldatud \u00f5piv\u00e4ljundid.<\/p>\n<h3>6 Kursustel \u00f5ppijate \u00f5igused ja kohustused<\/h3>\n<p>6.1. \u00d5ppijal on \u00f5igus enne kursusele registreerimist tutvuda kooli \u00f5ppekorralduse ja \u00f5ppekavaga ning saada t\u00e4iendavat infot kursuse kohta.<\/p>\n<p>6.2. Kursustel \u00f5ppijatele ei laiene Tallinna Teeninduskooli taseme\u00f5ppes \u00f5ppivate \u00f5pilaste \u00f5igused saada \u00f5pilaspilet, saada Vabariigi Valitsuse ja kohaliku omavalitsuse volikogu kehtestatud korras abi v\u00f5i soodustusi, saada \u00f5ppetoetust ja \u00f5ppelaenu.<\/p>\n<p>6.3. \u00d5ppija on kohustatud:<\/p>\n<p style=\"padding-left: 40px;\">6.3.1. hoidma korras talle kasutada antavad \u00f5ppevahendid ning kasutama kooli ja kaas\u00f5ppijate vara heaperemehelikult;<\/p>\n<p style=\"padding-left: 40px;\">6.3.2. hoidma korda ja puhtust oma t\u00f6\u00f6alas;<\/p>\n<p style=\"padding-left: 40px;\">6.3.3. k\u00e4ituma vastavalt \u00fcldtunnustatud k\u00f5lblusnormidele.<\/p>\n<p style=\"padding-left: 40px;\">6.4. \u00d5ppijal on keelatud tarvitada, omada v\u00f5i levitada kooli territooriumil alkohoolseid jooke, narkootilisi, toksilisi ja ps\u00fchhotroopseid aineid ning tubakatooteid v\u00f5i neid asendavaid tooteid (nt e-sigaret).<\/p>\n<h3>7 Kursuste eest \u00f5ppetasu maksmise, sellest vabastamise ja tagastamise tingimused ja kord<\/h3>\n<p>7.1. Kursuse eest tasumine toimub arve alusel. Arve saadetakse osalejale e-posti teel hiljemalt \u00fcks n\u00e4dal enne kursuse algust. Arve tuleb tasuda arvel m\u00e4rgitud t\u00e4htajaks.<\/p>\n<p>7.2. Kursuste eest saab eelneval kokkuleppel tasuda osadena. Viimane osamakse peab olema tasutud kui kursuse mahust on l\u00e4bitud 70%.<\/p>\n<p>7.3. Kui tasuline kursus j\u00e4\u00e4b \u00e4ra tingituna Tallinna Teeninduskoolist ja osalejale asenduskoolitust ei pakuta, siis tagastab kool osalustasu.<\/p>\n<p>7.4. Kui kursusele registreerunul ei ole v\u00f5imalik kursusest osa v\u00f5tta, tuleb sellest teavitada koolitus- ja n\u00f5ustamiskeskuse t\u00f6\u00f6tajat. Kursusest loobumise teatamisel kuni neli t\u00f6\u00f6p\u00e4eva enne kursuse algust, t\u00fchistatakse tasumata arve v\u00f5i tagastatakse makstud \u00f5ppetasu 100% ulatuses. Kursusest loobumise teatamisel v\u00e4hem kui neli t\u00f6\u00f6p\u00e4eva enne kursuse algust, tuleb arve tasuda 25% ulatuses v\u00f5i tagastatakse 75% makstud \u00f5ppetasust. Tagasimakse taotluse avaldus tuleb esitada kirjalikult koolitus- ja n\u00f5ustamiskeskuse koolitusjuhile. Teavitamata j\u00e4tmisel ja kohale mitteilmumisel tuleb arve tasuda 100% ulatuses.<\/p>\n<p>7.5. Tallinna Teeninduskooli kursuse eest makstud \u00f5ppetasu on maksjal \u00f5igus n\u00e4idata tuludeklaratsioonis koolituskuluna vastavalt tulumaksuseadusele \u00a726.<\/p>\n<h3>8 Kursustel \u00f5ppijate kursuselt v\u00e4ljaarvamise kord<\/h3>\n<p>8.1. \u00d5ppegrupist v\u00e4ljaarvamine v\u00f5ib toimuda:<\/p>\n<p style=\"padding-left: 40px;\">8.1.1. \u00f5ppija oma soovil;<\/p>\n<p style=\"padding-left: 40px;\">8.1.2. \u00f5ppet\u00f6\u00f6s mitteosalemise t\u00f5ttu;<\/p>\n<p style=\"padding-left: 40px;\">8.1.3. \u00f5ppetasu tasumata j\u00e4tmisel;<\/p>\n<p style=\"padding-left: 40px;\">8.1.4. \u00f5ppija rikub kooli sisekorraeeskirju.<\/p>\n<p style=\"text-align: right;\"><em><span style=\"font-size: 10pt;\">Terviktekst <a href=\"https:\/\/www.teeninduskool.ee\/wp-content\/uploads\/2021\/08\/Oppekorralduseeskiri_25_08_2021.pdf\">pdfina<\/a><\/span><\/em><\/p>\n<p>&nbsp;<\/p>\n","protected":false},"excerpt":{"rendered":"<p>Kinnitatud kooli n\u00f5ukogus 31.08.2022 Tallinna Teeninduskooli \u00f5ppekorralduseeskirja lisa 8 1 Korra reguleerimisala K\u00e4esolev kord reguleerib t\u00e4iendus\u00f5ppe korraldamise tingimusi ja korda Tallinna Teeninduskoolis. K\u00e4esoleva korra aluseks on haridus- ja teadusministri m\u00e4\u00e4rus 18.09.2013 nr 33\u00a0\u201cKutse\u00f5ppeasutuses t\u00e4iendus\u00f5ppe&#46;&#46;&#46;<\/p>\n","protected":false},"author":4,"featured_media":14444,"parent":2843,"menu_order":0,"comment_status":"closed","ping_status":"closed","template":"","meta":{"footnotes":""},"class_list":["post-14453","page","type-page","status-publish","has-post-thumbnail","hentry"],"_links":{"self":[{"href":"https:\/\/www.teeninduskool.ee\/index.php?rest_route=\/wp\/v2\/pages\/14453","targetHints":{"allow":["GET"]}}],"collection":[{"href":"https:\/\/www.teeninduskool.ee\/index.php?rest_route=\/wp\/v2\/pages"}],"about":[{"href":"https:\/\/www.teeninduskool.ee\/index.php?rest_route=\/wp\/v2\/types\/page"}],"author":[{"embeddable":true,"href":"https:\/\/www.teeninduskool.ee\/index.php?rest_route=\/wp\/v2\/users\/4"}],"replies":[{"embeddable":true,"href":"https:\/\/www.teeninduskool.ee\/index.php?rest_route=%2Fwp%2Fv2%2Fcomments&post=14453"}],"version-history":[{"count":5,"href":"https:\/\/www.teeninduskool.ee\/index.php?rest_route=\/wp\/v2\/pages\/14453\/revisions"}],"predecessor-version":[{"id":15854,"href":"https:\/\/www.teeninduskool.ee\/index.php?rest_route=\/wp\/v2\/pages\/14453\/revisions\/15854"}],"up":[{"embeddable":true,"href":"https:\/\/www.teeninduskool.ee\/index.php?rest_route=\/wp\/v2\/pages\/2843"}],"wp:featuredmedia":[{"embeddable":true,"href":"https:\/\/www.teeninduskool.ee\/index.php?rest_route=\/wp\/v2\/media\/14444"}],"wp:attachment":[{"href":"https:\/\/www.teeninduskool.ee\/index.php?rest_route=%2Fwp%2Fv2%2Fmedia&parent=14453"}],"curies":[{"name":"wp","href":"https:\/\/api.w.org\/{rel}","templated":true}]}}