{"id":14486,"date":"2021-12-27T18:44:08","date_gmt":"2021-12-27T16:44:08","guid":{"rendered":"https:\/\/www.teeninduskool.ee\/?page_id=14486"},"modified":"2021-12-27T18:44:08","modified_gmt":"2021-12-27T16:44:08","slug":"oppekvaliteedi-tagamise-kord","status":"publish","type":"page","link":"https:\/\/www.teeninduskool.ee\/?page_id=14486","title":{"rendered":"\u00d5ppekvaliteedi tagamise kord"},"content":{"rendered":"<p>Tallinna Teeninduskooli kvaliteedi tagamise tingimused \u00f5ppet\u00f6\u00f6 korraldamisel t\u00e4iendus\u00f5ppes.<\/p>\n<h3>1. \u00d5ppekavade kvaliteedi tagamine<\/h3>\n<p>1.1 \u00d5ppekavade koostamisel l\u00e4htutakse t\u00e4iskasvanute koolituse seadusest, t\u00e4ienduskoolituse standardist ja \u00f5ppekava koostamise juhendmaterjalist ning kutse\u00f5ppeasutuses t\u00e4iendus\u00f5ppe korraldamise tingimustest ja korrast.<\/p>\n<p>1.2 Kutse- v\u00f5i erialase t\u00e4iendus\u00f5ppe \u00f5ppekava koostamise aluseks on vastav kutsestandard; kutse- v\u00f5i eriala riiklik \u00f5ppekava v\u00f5i kooli \u00f5ppekava osa.<\/p>\n<p>1.3 \u00d5ppekava l\u00e4htub sihtgrupi vajadusest ja on \u00f5piv\u00e4ljundip\u00f5hine.<\/p>\n<p>1.4 \u00d5ppekavas s\u00e4testatakse v\u00e4hemalt j\u00e4rgmised andmed:<\/p>\n<p>1.4.1 \u00f5ppekava nimetus ja kinnitamise aeg;<\/p>\n<p>1.4.2 \u00f5ppekavar\u00fchm ja koostamise alus;<\/p>\n<p>1.4.3 \u00f5ppekava eesm\u00e4rk ja \u00f5piv\u00e4ljundid;<\/p>\n<p>1.4.4 sihtgrupp ja \u00f5pingute alustamise tingimused, juhul kui need on eeltingimuseks \u00f5piv\u00e4ljundite saavutamisel;<\/p>\n<p>1.4.5 \u00f5ppe kogumaht ja struktuur; sh auditoorse, praktilise ja iseseisva t\u00f6\u00f6 osakaal;<\/p>\n<p>1.4.6 \u00f5ppe sisu;<\/p>\n<p>1.4.7 \u00f5ppemeetodid ja \u00f5ppekeskkonna kirjeldus;<\/p>\n<p>1.4.8 iseseisva t\u00f6\u00f6 kirjeldus ja \u00f5ppematerjalide loetelu, juhul kui \u00f5ppekava l\u00e4bimiseks on ette n\u00e4htud \u00f5ppematerjalid;<\/p>\n<p>1.4.9 l\u00f5petamise tingimused (sh hindamismeetodid ja -kriteeriumid) ja v\u00e4ljastatavad dokumendid;<\/p>\n<p>1.4.10 Koolitaja vajaliku kvalifikatsiooni, \u00f5pi- v\u00f5i t\u00f6\u00f6kogemuse kirjeldus.<\/p>\n<p>1.5 Koolituste \u00f5ppekavad on k\u00e4ttesaadavad kooli kodulehel.<\/p>\n<h3>2. \u00d5ppekeskkonna kvaliteedi tagamine<\/h3>\n<p>2.1 T\u00e4ienduskoolitused toimuvad Tallinna Teeninduskoolis. \u00d5ppelaborid on varustatud k\u00f5igi erialade omandamiseks vajalike t\u00f6\u00f6vahendite ja materjalidega. Teooria\u00f5pe toimub esitlustehnikaga varustatud \u00f5ppeklassides. Kooli raamatukogus on olemas erialane teabekirjandus.<\/p>\n<p>2.2 Koolitusruumid, \u00f5ppetehnika ja \u00f5ppevahendid vastavad kehtivatele t\u00f6\u00f6tervishoiu ja t\u00f6\u00f6ohutuse n\u00f5uetele.<\/p>\n<h3>3. Koolitaja kvaliteedi tagamine<\/h3>\n<p>3.1 Koolitustel on vastava erialase hariduse ja erialase t\u00f6\u00f6kogemusega koolitajad.<\/p>\n<p>3.2 Koolitajatel on t\u00e4iskasvanute koolitamise kogemus.<\/p>\n<p>3.3 Koolitajate kvaliteeti hinnatakse \u00f5ppijate tagasiside p\u00f5hjal.<\/p>\n<h3>4. T\u00e4ienduskoolituse kohta tagasiside kogumine<\/h3>\n<p>4.1 Koolituse kestel kogutakse \u00f5ppijatelt nii suulist kui kirjalikku tagasisidet, mille p\u00f5hjal viiakse vajaduse korral ellu muudatused koolituse korralduses, et tagada igale \u00f5ppegrupile parim \u00f5ppekvaliteet.<\/p>\n<p>4.2 Iga kursuse l\u00f5pus t\u00e4idavad \u00f5ppijad koolituse tagasisidelehe, mis t\u00e4idetakse paberkandjal kohapeal. Tagasiside vastuseid anal\u00fc\u00fcsitakse koos koolitajatega ning tulemuste p\u00f5hjal tehakse parendused edasistes koolitustes.<\/p>\n","protected":false},"excerpt":{"rendered":"<p>Tallinna Teeninduskooli kvaliteedi tagamise tingimused \u00f5ppet\u00f6\u00f6 korraldamisel t\u00e4iendus\u00f5ppes. 1. \u00d5ppekavade kvaliteedi tagamine 1.1 \u00d5ppekavade koostamisel l\u00e4htutakse t\u00e4iskasvanute koolituse seadusest, t\u00e4ienduskoolituse standardist ja \u00f5ppekava koostamise juhendmaterjalist ning kutse\u00f5ppeasutuses t\u00e4iendus\u00f5ppe korraldamise tingimustest ja korrast. 1.2 Kutse-&#46;&#46;&#46;<\/p>\n","protected":false},"author":4,"featured_media":14444,"parent":29,"menu_order":0,"comment_status":"closed","ping_status":"closed","template":"","meta":{"footnotes":""},"class_list":["post-14486","page","type-page","status-publish","has-post-thumbnail","hentry"],"_links":{"self":[{"href":"https:\/\/www.teeninduskool.ee\/index.php?rest_route=\/wp\/v2\/pages\/14486","targetHints":{"allow":["GET"]}}],"collection":[{"href":"https:\/\/www.teeninduskool.ee\/index.php?rest_route=\/wp\/v2\/pages"}],"about":[{"href":"https:\/\/www.teeninduskool.ee\/index.php?rest_route=\/wp\/v2\/types\/page"}],"author":[{"embeddable":true,"href":"https:\/\/www.teeninduskool.ee\/index.php?rest_route=\/wp\/v2\/users\/4"}],"replies":[{"embeddable":true,"href":"https:\/\/www.teeninduskool.ee\/index.php?rest_route=%2Fwp%2Fv2%2Fcomments&post=14486"}],"version-history":[{"count":1,"href":"https:\/\/www.teeninduskool.ee\/index.php?rest_route=\/wp\/v2\/pages\/14486\/revisions"}],"predecessor-version":[{"id":14487,"href":"https:\/\/www.teeninduskool.ee\/index.php?rest_route=\/wp\/v2\/pages\/14486\/revisions\/14487"}],"up":[{"embeddable":true,"href":"https:\/\/www.teeninduskool.ee\/index.php?rest_route=\/wp\/v2\/pages\/29"}],"wp:featuredmedia":[{"embeddable":true,"href":"https:\/\/www.teeninduskool.ee\/index.php?rest_route=\/wp\/v2\/media\/14444"}],"wp:attachment":[{"href":"https:\/\/www.teeninduskool.ee\/index.php?rest_route=%2Fwp%2Fv2%2Fmedia&parent=14486"}],"curies":[{"name":"wp","href":"https:\/\/api.w.org\/{rel}","templated":true}]}}