{"id":15088,"date":"2022-05-12T16:12:49","date_gmt":"2022-05-12T13:12:49","guid":{"rendered":"https:\/\/www.teeninduskool.ee\/?page_id=15088"},"modified":"2023-06-12T10:52:43","modified_gmt":"2023-06-12T07:52:43","slug":"abikokk-%f0%9f%a7%91%f0%9f%8d%b3","status":"publish","type":"page","link":"https:\/\/www.teeninduskool.ee\/?page_id=15088","title":{"rendered":"Abikokk \u200d"},"content":{"rendered":"<ul>\n<li><strong>\u00d5ppeliik<\/strong>:\u00a0<strong>p\u00f5hihariduse n\u00f5udeta kutse\u00f5pe<\/strong><\/li>\n<li><strong>\u00d5ppevorm:\u00a0<\/strong>koolip\u00f5hine \u00f5pe<\/li>\n<li><strong>N\u00f5uded alustamiseks<\/strong>: p\u00f5hihariduse n\u00f5udeta<\/li>\n<li><strong>\u00d5ppekeel: <\/strong>vene keel<\/li>\n<li><strong>\u00d5ppeaeg<\/strong>: 1 aasta<\/li>\n<li>Tutvu\u00a0<a href=\"https:\/\/tahvel.edu.ee\/#\/curriculum\/3006\">\u00f5ppekavaga<\/a><\/li>\n<li>Tutvu\u00a0<a href=\"https:\/\/www.kutseregister.ee\/ctrl\/et\/Standardid\/vaata\/11021726\">kutsestandardiga<\/a><\/li>\n<\/ul>\n<p><strong>Eriala l\u00fchitutvustus<\/strong>: Abikokk k\u00e4itleb toidutooret, abistab kokka toitude valmistamisel ja serveerimisel ning t\u00f6\u00f6tab koka juhendamisel. Abikoka t\u00f6\u00f6 eeldab oskust k\u00e4idelda toidutooret ja toitu s\u00e4\u00e4stlikult. Abikokk t\u00e4idab enesekontrolli tegevusi. T\u00f6\u00f6 iseloom eeldab oskust enda t\u00f6\u00f6d korraldada ning aega planeerida. Vajalik on tahe ja oskus t\u00f6\u00f6tada meeskonnas ja juhendamisel. Abikokk peab oskama eelt\u00f6\u00f6delda toiduaineid, k\u00fclmt\u00f6\u00f6delda k\u00f6\u00f6givilju, valmistada vastavalt juhendile k\u00f6\u00f6givilja-, teravilja- ja pastalisandeid ning -toite, teha koka juhendamisel abit\u00f6id toitude valmistamisel, teha puhastus- ja koristust\u00f6id. Abikokk peab tegutsema ja k\u00e4ituma eetiliselt, esteetiliselt ning muul sotsiaalselt heaks kiidetud viisil.<\/p>\n<p><strong>Eriala \u00f5ppimiseks vajalikud eeldused:\u00a0<\/strong>kohusetundlikkus, koost\u00f6\u00f6valmidus, t\u00e4psus, \u00f5pivalmidus ja korrektsus.<\/p>\n<p><strong>\u00d5ppes l\u00e4bitakse j\u00e4rgmised moodulid:<\/strong><\/p>\n<ul>\n<li>Abikoka praktilise t\u00f6\u00f6 alused ja praktika<\/li>\n<li>Eesti toidukultuuri ajalugu<\/li>\n<li>Kommide valmistamine<\/li>\n<li>Kutsealane eesti keel<\/li>\n<li>Pagarit\u00f6\u00f6 alused<\/li>\n<li>Toitlustamise alused<\/li>\n<li>T\u00f6\u00f6tamine suurk\u00f6\u00f6gis<\/li>\n<\/ul>\n<p><strong>Praktika\u00a0<\/strong>toimub toitlustusettev\u00f5tetes.<\/p>\n<p><strong>Kutsekvalifikatsiooni eksamid:\u00a0<\/strong>p\u00e4rast \u00f5pingute l\u00f5petamist on v\u00f5imalik sooritada Abikokk, tase 3 kutseeksam.<\/p>\n<p><strong>T\u00f6\u00f6turuv\u00f5imalused:\u00a0<\/strong>l\u00f5petaja v\u00f5ib leida t\u00f6\u00f6d restoranides jt toitlustusasutustes.<\/p>\n<p><strong>Erialased edasi\u00f5ppimise v\u00f5imalused<\/strong>: \u00f5pinguid on v\u00f5imalik j\u00e4tkata kutsehariduses.<\/p>\n<p><strong>T\u00e4helepanu!\u00a0<\/strong>\u00d5pilastel tuleb osta eririietus (jakk, p\u00fcksid, p\u00f5ll, m\u00fcts ja jalan\u00f5ud).<\/p>\n<p><strong>Toetustena<\/strong> pakume s\u00f5idu-, eri- ja p\u00f5hitoetusi. Koolil on t\u00e4nap\u00e4evane \u00f5ppekeskkond, sportimisv\u00f5imalused, kasutada saab n\u00f5ustamisteenuseid ja tugispetsialistide abi.<\/p>\n<p>&nbsp;<\/p>\n<p><em>Viimati muudetud 12.06.2023<\/em><\/p>\n","protected":false},"excerpt":{"rendered":"<p>\u00d5ppeliik:\u00a0p\u00f5hihariduse n\u00f5udeta kutse\u00f5pe \u00d5ppevorm:\u00a0koolip\u00f5hine \u00f5pe N\u00f5uded alustamiseks: p\u00f5hihariduse n\u00f5udeta \u00d5ppekeel: vene keel \u00d5ppeaeg: 1 aasta Tutvu\u00a0\u00f5ppekavaga Tutvu\u00a0kutsestandardiga Eriala l\u00fchitutvustus: Abikokk k\u00e4itleb toidutooret, abistab kokka toitude valmistamisel ja serveerimisel ning t\u00f6\u00f6tab koka juhendamisel. Abikoka t\u00f6\u00f6&#46;&#46;&#46;<\/p>\n","protected":false},"author":4,"featured_media":15089,"parent":0,"menu_order":0,"comment_status":"closed","ping_status":"closed","template":"","meta":{"footnotes":""},"class_list":["post-15088","page","type-page","status-publish","has-post-thumbnail","hentry"],"_links":{"self":[{"href":"https:\/\/www.teeninduskool.ee\/index.php?rest_route=\/wp\/v2\/pages\/15088","targetHints":{"allow":["GET"]}}],"collection":[{"href":"https:\/\/www.teeninduskool.ee\/index.php?rest_route=\/wp\/v2\/pages"}],"about":[{"href":"https:\/\/www.teeninduskool.ee\/index.php?rest_route=\/wp\/v2\/types\/page"}],"author":[{"embeddable":true,"href":"https:\/\/www.teeninduskool.ee\/index.php?rest_route=\/wp\/v2\/users\/4"}],"replies":[{"embeddable":true,"href":"https:\/\/www.teeninduskool.ee\/index.php?rest_route=%2Fwp%2Fv2%2Fcomments&post=15088"}],"version-history":[{"count":4,"href":"https:\/\/www.teeninduskool.ee\/index.php?rest_route=\/wp\/v2\/pages\/15088\/revisions"}],"predecessor-version":[{"id":17056,"href":"https:\/\/www.teeninduskool.ee\/index.php?rest_route=\/wp\/v2\/pages\/15088\/revisions\/17056"}],"wp:featuredmedia":[{"embeddable":true,"href":"https:\/\/www.teeninduskool.ee\/index.php?rest_route=\/wp\/v2\/media\/15089"}],"wp:attachment":[{"href":"https:\/\/www.teeninduskool.ee\/index.php?rest_route=%2Fwp%2Fv2%2Fmedia&parent=15088"}],"curies":[{"name":"wp","href":"https:\/\/api.w.org\/{rel}","templated":true}]}}