{"id":15372,"date":"2022-08-30T10:03:02","date_gmt":"2022-08-30T07:03:02","guid":{"rendered":"https:\/\/www.teeninduskool.ee\/?page_id=15372"},"modified":"2026-02-16T08:22:16","modified_gmt":"2026-02-16T06:22:16","slug":"ruumide-ja-inventari-rent","status":"publish","type":"page","link":"https:\/\/www.teeninduskool.ee\/?page_id=15372","title":{"rendered":"Ruumide ja inventari rent"},"content":{"rendered":"<p><strong>Kontakt<\/strong><\/p>\n<p>Krista Luksepp, teenindusjuht<br \/>\nTelefon: 682 6139, mobiil 5665 4735<br \/>\nE-post: krista.luksepp(at)teeninduskool.ee<\/p>\n<p><strong>Ruumide kasutamise hinnakiri<\/strong><\/p>\n<p>Kliki pealkirja ruumi info ja piltide vaatamiseks.<\/p>\n<table style=\"width: 100%; border-style: dotted; border-color: #000000; height: 489px;\" width=\"100%\" cellspacing=\"2\">\n<tbody>\n<tr style=\"height: 24px;\">\n<td style=\"height: 29px; width: 30.229%;\" width=\"267\"><strong>Ruumi v\u00f5i tegevuse nimetus<\/strong><\/td>\n<td style=\"height: 29px; width: 23.9614%;\" width=\"171\"><strong>1 tunni (60 min) hind eurodes<\/strong><\/td>\n<td style=\"height: 29px; width: 9.01569%;\" width=\"217\"><strong>Ruutmeetrid<\/strong><\/td>\n<td style=\"height: 29px; width: 23.9695%;\" width=\"217\"><strong>M\u00e4rkused<\/strong><\/td>\n<\/tr>\n<tr style=\"height: 24px;\">\n<td style=\"text-align: left; height: 24px; width: 30.229%;\" width=\"267\"><a href=\"https:\/\/www.teeninduskool.ee\/?page_id=18681\">Aula<\/a><\/td>\n<td style=\"height: 24px; width: 23.9614%;\">65<\/td>\n<td style=\"height: 24px; width: 9.01569%;\" width=\"217\"><\/td>\n<td style=\"height: 24px; width: 23.9695%;\" width=\"217\"><\/td>\n<\/tr>\n<tr style=\"height: 24px;\">\n<td style=\"text-align: left; height: 24px; width: 30.229%;\" width=\"267\"><a href=\"https:\/\/www.teeninduskool.ee\/?page_id=18653\">Aatrium<\/a><\/td>\n<td style=\"height: 24px; width: 23.9614%;\">90<\/td>\n<td style=\"height: 24px; width: 9.01569%;\" width=\"217\"><\/td>\n<td style=\"height: 24px; width: 23.9695%;\" width=\"217\"><\/td>\n<\/tr>\n<tr style=\"height: 24px;\">\n<td style=\"text-align: left; height: 24px; width: 30.229%;\" width=\"267\"><a href=\"https:\/\/www.teeninduskool.ee\/?page_id=18674\">Auditoorium<\/a><\/td>\n<td style=\"height: 24px; width: 23.9614%;\">45<\/td>\n<td style=\"height: 24px; width: 9.01569%;\" width=\"217\"><\/td>\n<td style=\"height: 24px; width: 23.9695%;\" width=\"217\"><\/td>\n<\/tr>\n<tr style=\"height: 24px;\">\n<td style=\"text-align: left; height: 24px; width: 30.229%;\" width=\"267\"><a href=\"https:\/\/www.teeninduskool.ee\/?page_id=18748\">Arvutiklass (B214)<\/a><\/td>\n<td style=\"height: 24px; width: 23.9614%;\">45<\/td>\n<td style=\"height: 24px; width: 9.01569%;\" width=\"217\"><\/td>\n<td style=\"height: 24px; width: 23.9695%;\" width=\"217\"><\/td>\n<\/tr>\n<tr style=\"height: 24px;\">\n<td style=\"text-align: left; height: 24px; width: 30.229%;\" width=\"267\"><a href=\"https:\/\/www.teeninduskool.ee\/?page_id=18658\">Arvutiklass (A305, A306)<\/a><\/td>\n<td style=\"height: 24px; width: 23.9614%;\">40<\/td>\n<td style=\"height: 24px; width: 9.01569%;\" width=\"217\"><\/td>\n<td style=\"height: 24px; width: 23.9695%;\" width=\"217\"><\/td>\n<\/tr>\n<tr style=\"height: 26px;\">\n<td style=\"text-align: left; height: 26px; width: 30.229%;\" width=\"267\"><a href=\"https:\/\/www.teeninduskool.ee\/?page_id=18703\">\u00d5ppeklass 30 m<sup>2<\/sup><\/a><\/td>\n<td style=\"height: 26px; width: 23.9614%;\">20<\/td>\n<td style=\"height: 26px; width: 9.01569%;\" width=\"217\"><\/td>\n<td style=\"height: 26px; width: 23.9695%;\" width=\"217\"><\/td>\n<\/tr>\n<tr style=\"height: 26px;\">\n<td style=\"text-align: left; height: 26px; width: 30.229%;\" width=\"267\"><a href=\"https:\/\/www.teeninduskool.ee\/?page_id=18710\">\u00d5ppeklass &gt; 30 m<sup>2<\/sup><\/a><\/td>\n<td style=\"height: 26px; width: 23.9614%;\">25<\/td>\n<td style=\"height: 26px; width: 9.01569%;\" width=\"217\"><\/td>\n<td style=\"height: 26px; width: 23.9695%;\" width=\"217\"><\/td>\n<\/tr>\n<tr style=\"height: 24px;\">\n<td style=\"text-align: left; height: 24px; width: 30.229%;\" width=\"267\"><a href=\"https:\/\/www.teeninduskool.ee\/?page_id=18685\">Garderoob<\/a><\/td>\n<td style=\"height: 24px; width: 23.9614%;\">30<\/td>\n<td style=\"height: 24px; width: 9.01569%;\" width=\"217\"><\/td>\n<td style=\"height: 24px; width: 23.9695%;\" width=\"217\"><\/td>\n<\/tr>\n<tr>\n<td style=\"text-align: left; width: 30.229%;\"><a href=\"https:\/\/www.teeninduskool.ee\/?page_id=20159\">Garderoob, v\u00e4ike<\/a> (nt. v\u00f5imla garderoob)<\/td>\n<td style=\"width: 23.9614%;\">10<\/td>\n<td style=\"width: 9.01569%;\"><\/td>\n<td style=\"width: 23.9695%;\"><\/td>\n<\/tr>\n<tr style=\"height: 24px;\">\n<td style=\"text-align: left; height: 24px; width: 30.229%;\" width=\"267\">Abiruumid<\/td>\n<td style=\"height: 24px; width: 23.9614%;\">15<\/td>\n<td style=\"height: 24px; width: 9.01569%;\" width=\"217\"><\/td>\n<td style=\"height: 24px; width: 23.9695%;\" width=\"217\"><\/td>\n<\/tr>\n<tr style=\"height: 24px;\">\n<td style=\"text-align: left; height: 24px; width: 30.229%;\" width=\"267\"><a href=\"https:\/\/www.teeninduskool.ee\/?page_id=18699\">V\u00f5imla<\/a><\/td>\n<td style=\"height: 24px; width: 23.9614%;\">35<\/td>\n<td style=\"height: 24px; width: 9.01569%;\" width=\"217\"><\/td>\n<td style=\"height: 24px; width: 23.9695%;\" width=\"217\"><\/td>\n<\/tr>\n<tr style=\"height: 24px;\">\n<td style=\"text-align: left; height: 24px; width: 30.229%;\" width=\"267\"><a href=\"https:\/\/www.teeninduskool.ee\/?page_id=18690\">J\u00f5usaal<\/a><\/td>\n<td style=\"height: 24px; width: 23.9614%;\">5 (30)<\/td>\n<td style=\"height: 24px; width: 9.01569%;\" width=\"217\"><\/td>\n<td style=\"height: 24px; width: 23.9695%;\" width=\"217\">\u00fcksikkasutajale (kuukaart)<\/td>\n<\/tr>\n<tr style=\"height: 24px;\">\n<td style=\"text-align: left; height: 24px; width: 30.229%;\" width=\"267\"><a href=\"https:\/\/www.teeninduskool.ee\/?page_id=18655\">Aeroobikasaal<\/a><\/td>\n<td style=\"height: 24px; width: 23.9614%;\">15<\/td>\n<td style=\"height: 24px; width: 9.01569%;\" width=\"217\"><\/td>\n<td style=\"height: 24px; width: 23.9695%;\" width=\"217\"><\/td>\n<\/tr>\n<tr style=\"height: 24px;\">\n<td style=\"text-align: left; height: 24px; width: 30.229%;\" width=\"267\"><a href=\"https:\/\/www.teeninduskool.ee\/?page_id=18695\">Saun<\/a><\/td>\n<td style=\"height: 24px; width: 23.9614%;\">15<\/td>\n<td style=\"height: 24px; width: 9.01569%;\" width=\"217\"><\/td>\n<td style=\"height: 24px; width: 23.9695%;\" width=\"217\"><\/td>\n<\/tr>\n<tr style=\"height: 24px;\">\n<td style=\"text-align: left; height: 24px; width: 30.229%;\" width=\"267\"><a href=\"https:\/\/www.teeninduskool.ee\/?page_id=18714\">\u00d5ppek\u00f6\u00f6k, labor<\/a><\/td>\n<td style=\"height: 24px; width: 23.9614%;\">60<\/td>\n<td style=\"height: 24px; width: 9.01569%;\" width=\"217\"><\/td>\n<td style=\"height: 24px; width: 23.9695%;\" width=\"217\"><\/td>\n<\/tr>\n<tr style=\"height: 24px;\">\n<td style=\"text-align: left; height: 24px; width: 30.229%;\" width=\"267\"><a href=\"https:\/\/www.teeninduskool.ee\/?page_id=18720\">\u00d5ppek\u00f6\u00f6k (B123)<\/a><\/td>\n<td style=\"height: 24px; width: 23.9614%;\">65<\/td>\n<td style=\"height: 24px; width: 9.01569%;\" width=\"217\"><\/td>\n<td style=\"height: 24px; width: 23.9695%;\" width=\"217\"><\/td>\n<\/tr>\n<tr style=\"height: 24px;\">\n<td style=\"text-align: left; height: 24px; width: 30.229%;\" width=\"267\">Helitehnika<\/td>\n<td style=\"height: 24px; width: 23.9614%;\">30<\/td>\n<td style=\"height: 24px; width: 9.01569%;\" width=\"217\"><\/td>\n<td style=\"height: 24px; width: 23.9695%;\" width=\"217\"><\/td>\n<\/tr>\n<tr style=\"height: 24px;\">\n<td style=\"text-align: left; width: 30.229%; height: 24px;\">Heli-valgustehnik<\/td>\n<td style=\"width: 23.9614%; height: 24px;\">50\u20ac\/h<\/td>\n<td style=\"width: 9.01569%; height: 24px;\"><\/td>\n<td style=\"width: 23.9695%; height: 24px;\"><\/td>\n<\/tr>\n<tr>\n<td style=\"text-align: left; width: 30.229%;\">IT-tugi<\/td>\n<td style=\"width: 23.9614%;\">alates 30\u20ac\/h<\/td>\n<td style=\"width: 9.01569%;\"><\/td>\n<td style=\"width: 23.9695%;\"><\/td>\n<\/tr>\n<tr>\n<td style=\"text-align: left; width: 30.229%;\">Administraator (L,P)<\/td>\n<td style=\"width: 23.9614%;\">20\u20ac\/h<\/td>\n<td style=\"width: 9.01569%;\"><\/td>\n<td style=\"width: 23.9695%;\"><\/td>\n<\/tr>\n<tr style=\"height: 24px;\">\n<td style=\"text-align: left; height: 24px; width: 30.229%;\" width=\"267\">Inventari rent<\/td>\n<td style=\"height: 24px; width: 23.9614%;\" width=\"171\"><\/td>\n<td style=\"height: 24px; width: 9.01569%;\" width=\"217\"><\/td>\n<td style=\"height: 24px; width: 23.9695%;\" width=\"217\">kokkuleppel<\/td>\n<\/tr>\n<tr style=\"height: 24px;\">\n<td style=\"text-align: left; height: 24px; width: 30.229%;\" width=\"267\">Kooli\u00a0\u00a0 tutvustamine\u00a0\u00a0 giidiga\u00a0\u00a0 (mitte koost\u00f6\u00f6partneritele)<\/td>\n<td style=\"height: 24px; width: 23.9614%;\">200<\/td>\n<td style=\"height: 24px; width: 9.01569%;\" width=\"217\"><\/td>\n<td style=\"height: 24px; width: 23.9695%;\" width=\"217\">max 20 inimest, 2 tundi ilma toitlustuseta<\/td>\n<\/tr>\n<\/tbody>\n<\/table>\n<p>&nbsp;<\/p>\n<p>&nbsp;<\/p>\n<p>1. Perioodiliste \u00fcrituste l\u00e4biviimisel fikseeritakse hind kokkuleppel vastavalt s\u00f5lmitud lepingule.<br \/>\n2. Koolituste l\u00e4biviimisel v\u00f5ib vastavalt poolte kokkuleppele rakendada soodushinda, milline fikseeritakse koolituslepingus.<br \/>\n3. Ruumide kasutamise hinnad sisaldavad elektri-, vee ja kanalisatsiooni, k\u00fctte- ning \u00fcldhalduskulusid.<br \/>\n4. Inventari maksumus sisaldab nende soetus-, valmistamise v\u00f5i remondi maksumust ja p\u00f5hivara amortisatsiooni.<br \/>\n5. Teeninduskoolis toimuvaid s\u00fcndmusi toitlustab ainult Tallinna Teeninduskooli \u00f5ppecatering.<\/p>\n<p>&nbsp;<\/p>\n<p><!--\n\n<strong>Ruumide hindade jaotus kululiikide kaupa<\/strong>\n\n\n<table width=\"95%\">\n\n\n<tbody>\n\n\n<tr>\n\n\n<td width=\"148\"><strong>Ruum\/kulu eurodes<\/strong><\/td>\n\n\n\n\n<td width=\"88\"><strong>Elekter<\/strong><\/td>\n\n\n\n\n<td width=\"129\"><strong>Vesi ja<\/strong>\n<strong>kanalisatsioon<\/strong><\/td>\n\n\n\n\n<td width=\"77\"><strong>K\u00fcte<\/strong><\/td>\n\n\n\n\n<td width=\"107\"><strong>\u00dcldhaldus<\/strong><\/td>\n\n\n\n\n<td width=\"104\"><strong>Hind<\/strong>\n<strong>eurodes<\/strong><\/td>\n\n\n<\/tr>\n\n\n\n\n<tr>\n\n\n<td style=\"text-align: left;\" width=\"148\">Aula<\/td>\n\n\n\n\n<td>10<\/td>\n\n\n\n\n<td width=\"129\"><\/td>\n\n\n\n\n<td>14<\/td>\n\n\n\n\n<td>36<\/td>\n\n\n\n\n<td>60<\/td>\n\n\n<\/tr>\n\n\n\n\n<tr>\n\n\n<td style=\"text-align: left;\" width=\"148\">Aatrium<\/td>\n\n\n\n\n<td>13<\/td>\n\n\n\n\n<td width=\"129\"><\/td>\n\n\n\n\n<td>19<\/td>\n\n\n\n\n<td>48<\/td>\n\n\n\n\n<td>80<\/td>\n\n\n<\/tr>\n\n\n\n\n<tr>\n\n\n<td style=\"text-align: left;\" width=\"148\">Arvutiklass<\/td>\n\n\n\n\n<td>6<\/td>\n\n\n\n\n<td width=\"129\"><\/td>\n\n\n\n\n<td>10<\/td>\n\n\n\n\n<td>24<\/td>\n\n\n\n\n<td>40<\/td>\n\n\n<\/tr>\n\n\n\n\n<tr>\n\n\n<td style=\"text-align: left;\" width=\"148\">Arvutiklass<\/td>\n\n\n\n\n<td>6<\/td>\n\n\n\n\n<td width=\"129\"><\/td>\n\n\n\n\n<td>8<\/td>\n\n\n\n\n<td>16<\/td>\n\n\n\n\n<td>30<\/td>\n\n\n<\/tr>\n\n\n\n\n<tr>\n\n\n<td style=\"text-align: left;\" width=\"148\">\u00d5ppeklass<\/td>\n\n\n\n\n<td>3<\/td>\n\n\n\n\n<td width=\"129\"><\/td>\n\n\n\n\n<td>4<\/td>\n\n\n\n\n<td>8<\/td>\n\n\n\n\n<td>15<\/td>\n\n\n<\/tr>\n\n\n\n\n<tr>\n\n\n<td style=\"text-align: left;\" width=\"148\">\u00d5ppeklass<\/td>\n\n\n\n\n<td>5<\/td>\n\n\n\n\n<td width=\"129\"><\/td>\n\n\n\n\n<td>7<\/td>\n\n\n\n\n<td>8<\/td>\n\n\n\n\n<td>20<\/td>\n\n\n<\/tr>\n\n\n\n\n<tr>\n\n\n<td style=\"text-align: left;\" width=\"148\">Garderoob<\/td>\n\n\n\n\n<td>3<\/td>\n\n\n\n\n<td width=\"129\"><\/td>\n\n\n\n\n<td>3<\/td>\n\n\n\n\n<td>4<\/td>\n\n\n\n\n<td>10<\/td>\n\n\n<\/tr>\n\n\n\n\n<tr>\n\n\n<td style=\"text-align: left;\" width=\"148\">Abiruumid<\/td>\n\n\n\n\n<td>3<\/td>\n\n\n\n\n<td width=\"129\"><\/td>\n\n\n\n\n<td>3<\/td>\n\n\n\n\n<td>4<\/td>\n\n\n\n\n<td>10<\/td>\n\n\n<\/tr>\n\n\n\n\n<tr>\n\n\n<td style=\"text-align: left;\" width=\"148\">V\u00f5imla<\/td>\n\n\n\n\n<td>5<\/td>\n\n\n\n\n<td>3<\/td>\n\n\n\n\n<td>7<\/td>\n\n\n\n\n<td>15<\/td>\n\n\n\n\n<td>30<\/td>\n\n\n<\/tr>\n\n\n\n\n<tr>\n\n\n<td style=\"text-align: left;\" width=\"148\">J\u00f5usaal<\/td>\n\n\n\n\n<td>1<\/td>\n\n\n\n\n<td width=\"129\"><\/td>\n\n\n\n\n<td>2<\/td>\n\n\n\n\n<td>2<\/td>\n\n\n\n\n<td>5<\/td>\n\n\n<\/tr>\n\n\n\n\n<tr>\n\n\n<td style=\"text-align: left;\" width=\"148\">Aeroobikasaal<\/td>\n\n\n\n\n<td>3<\/td>\n\n\n\n\n<td width=\"129\"><\/td>\n\n\n\n\n<td>3<\/td>\n\n\n\n\n<td>4<\/td>\n\n\n\n\n<td>10<\/td>\n\n\n<\/tr>\n\n\n\n\n<tr>\n\n\n<td style=\"text-align: left;\" width=\"148\">Saun<\/td>\n\n\n\n\n<td>3<\/td>\n\n\n\n\n<td>2<\/td>\n\n\n\n\n<td width=\"77\"><\/td>\n\n\n<span style=\"display: inline-block; width: 0px; overflow: hidden; line-height: 0;\" data-mce-type=\"bookmark\" class=\"mce_SELRES_start\"><\/span>\n\n\n<td>5<\/td>\n\n\n\n\n<td>10<\/td>\n\n\n<\/tr>\n\n\n\n\n<tr>\n\n\n<td style=\"text-align: left;\" width=\"148\">\u00d5ppek\u00f6\u00f6k<\/td>\n\n\n\n\n<td>20<\/td>\n\n\n\n\n<td>8<\/td>\n\n\n\n\n<td>7<\/td>\n\n\n\n\n<td>15<\/td>\n\n\n\n\n<td>50<\/td>\n\n\n<\/tr>\n\n\n\n\n<tr>\n\n\n<td style=\"text-align: left;\" width=\"148\">\u00d5ppek\u00f6\u00f6k<\/td>\n\n\n\n\n<td>12<\/td>\n\n\n\n\n<td>6<\/td>\n\n\n\n\n<td>5<\/td>\n\n\n\n\n<td>7<\/td>\n\n\n\n\n<td>30<\/td>\n\n\n<\/tr>\n\n\n\n\n<tr>\n\n\n<td style=\"text-align: left;\" width=\"148\">Auditoorium<\/td>\n\n\n\n\n<td>6<\/td>\n\n\n\n\n<td width=\"129\"><\/td>\n\n\n\n\n<td>10<\/td>\n\n\n\n\n<td>24<\/td>\n\n\n\n\n<td>40<\/td>\n\n\n<\/tr>\n\n\n<\/tbody>\n\n\n<\/table>\n\n\n--><\/p>\n","protected":false},"excerpt":{"rendered":"<p>Kontakt Krista Luksepp, teenindusjuht Telefon: 682 6139, mobiil 5665 4735 E-post: krista.luksepp(at)teeninduskool.ee Ruumide kasutamise hinnakiri Kliki pealkirja ruumi info ja piltide vaatamiseks. Ruumi v\u00f5i tegevuse nimetus 1 tunni (60 min) hind eurodes Ruutmeetrid M\u00e4rkused&#46;&#46;&#46;<\/p>\n","protected":false},"author":9,"featured_media":0,"parent":31,"menu_order":0,"comment_status":"closed","ping_status":"closed","template":"","meta":{"footnotes":""},"class_list":["post-15372","page","type-page","status-publish","hentry"],"_links":{"self":[{"href":"https:\/\/www.teeninduskool.ee\/index.php?rest_route=\/wp\/v2\/pages\/15372","targetHints":{"allow":["GET"]}}],"collection":[{"href":"https:\/\/www.teeninduskool.ee\/index.php?rest_route=\/wp\/v2\/pages"}],"about":[{"href":"https:\/\/www.teeninduskool.ee\/index.php?rest_route=\/wp\/v2\/types\/page"}],"author":[{"embeddable":true,"href":"https:\/\/www.teeninduskool.ee\/index.php?rest_route=\/wp\/v2\/users\/9"}],"replies":[{"embeddable":true,"href":"https:\/\/www.teeninduskool.ee\/index.php?rest_route=%2Fwp%2Fv2%2Fcomments&post=15372"}],"version-history":[{"count":5,"href":"https:\/\/www.teeninduskool.ee\/index.php?rest_route=\/wp\/v2\/pages\/15372\/revisions"}],"predecessor-version":[{"id":22842,"href":"https:\/\/www.teeninduskool.ee\/index.php?rest_route=\/wp\/v2\/pages\/15372\/revisions\/22842"}],"up":[{"embeddable":true,"href":"https:\/\/www.teeninduskool.ee\/index.php?rest_route=\/wp\/v2\/pages\/31"}],"wp:attachment":[{"href":"https:\/\/www.teeninduskool.ee\/index.php?rest_route=%2Fwp%2Fv2%2Fmedia&parent=15372"}],"curies":[{"name":"wp","href":"https:\/\/api.w.org\/{rel}","templated":true}]}}