{"id":17221,"date":"2023-08-03T13:07:42","date_gmt":"2023-08-03T10:07:42","guid":{"rendered":"https:\/\/www.teeninduskool.ee\/?page_id=17221"},"modified":"2023-08-03T13:08:49","modified_gmt":"2023-08-03T10:08:49","slug":"esf-projektid-2014-2022","status":"publish","type":"page","link":"https:\/\/www.teeninduskool.ee\/?page_id=17221","title":{"rendered":"ESF PROJEKTID 2014-2022"},"content":{"rendered":"<p><strong>ESF meede \u201eT\u00f6\u00f6andjate ja \u00f5ppeasutuste koost\u00f6\u00f6 toetamine praktikas\u00fcsteemi arendamisel\u201c<\/strong>\u00a0raames viib Tallinna Teeninduskool ellu projekti\u00a0<strong>\u201cTeko t\u00f6\u00f6kohap\u00f5hise \u00f5ppe arendamine\u201d<\/strong>.<\/p>\n<ul>\n<li>Projekti periood on 01.03.2021 \u2013 30.06.2022<\/li>\n<li>Projekti eelarve 4 376.31 \u20ac<\/li>\n<li>Projekti tegevused on suunatud Teko kaubanduse valdkonna \u00f5ppe arendamiseks. Projektiga on plaanis arendada v\u00e4lja \u00f5pilaste oskuste kaardistamise protsess ning koost\u00f6\u00f6s ettev\u00f5tete poolsete praktikajuhendajatega uus t\u00f6\u00f6kohap\u00f5hise \u00f5ppe mudel, kus \u00f5ppet\u00f6\u00f6 organiseeritakse vastavalt oskuste kaardistamise tulemustele. Projekti raames sta\u017eeerivad kaks \u00f5petajat suuremates kaubandusettev\u00f5tetes, mis annab sisendi uue koost\u00f6\u00f6mudeli v\u00e4ljat\u00f6\u00f6tamiseks. Samuti toimub kooli- ja ettev\u00f5ttepoolsete praktikajuhendajate koolitus.<\/li>\n<\/ul>\n<p><strong>ESF meede<\/strong>\u00a0<strong>\u201eUute ametioskustega t\u00f6\u00f6le\u201c (2014-2020.3.02.18-0107)<\/strong><\/p>\n<ul>\n<li>Projekti number: 2014-2020.3.02.20-0265<\/li>\n<li>Projekti nimi: \u201eKoka alg\u00f5ppe kursus eesti ja vene keeles\u201d<\/li>\n<li>Eesm\u00e4rgiks on aidata t\u00f6\u00f6le 20 eesti ja venekeelset 55+ inimest pakkudes neile v\u00f5imalust osaleda koka alg\u00f5ppe koolitusel, leida t\u00f6\u00f6andjate juures praktikakohad ning hiljem aidata t\u00f6\u00f6 leidmisel ja toetada t\u00f6\u00f6tamise algusperioodil<\/li>\n<li>Projekti summa: 58 895 \u20ac<\/li>\n<li>Esimesed projektis osalejad alustavad veebruaris 2021<\/li>\n<\/ul>\n<p><strong>ESF meede \u201e\u00d5petajate ja haridusasutuste juhtide koolitus (2014-2020.1.2.1)\u201c raames viib Tallinna Teeninduskool ellu projekti \u201e\u00dchised eesm\u00e4rgid ja p\u00f5hiv\u00e4\u00e4rtused on \u00fchtse meeskonna aluseks\u201c<\/strong><\/p>\n<ul>\n<li>Projekti periood: 17.08.2020 \u2013 21.12.2020<\/li>\n<li>Projekti eesm\u00e4rk on koolitada kooli meeskonda, et nii \u00f5petajad kui juhid j\u00f5uaksid \u00fchtsetele seisukohtadele \u00f5ppijakeskse kooli toimimisest.<\/li>\n<li>Projekti raames toimub kaks \u00f5pi\u00fcritust:\n<ul>\n<li>\u201e\u00d5ppijakeskse \u00f5ppe kontseptsioon ning arengueesm\u00e4rgid \u201c ning \u201eKoolimeeskonna p\u00f5hiv\u00e4\u00e4rtused muutuva \u00f5pik\u00e4sitluse valguses\u201c .<\/li>\n<li>Projekti tulemina valmib Tekole \u00f5ppijakeskse kooli kontseptsioon, mis baseerub \u00fchistel eesm\u00e4rkidel ja \u00fchiselt s\u00f5nastatud p\u00f5hiv\u00e4\u00e4rtuste rakendamises igap\u00e4evat\u00f6\u00f6s.<\/li>\n<\/ul>\n<\/li>\n<\/ul>\n","protected":false},"excerpt":{"rendered":"<p>ESF meede \u201eT\u00f6\u00f6andjate ja \u00f5ppeasutuste koost\u00f6\u00f6 toetamine praktikas\u00fcsteemi arendamisel\u201c\u00a0raames viib Tallinna Teeninduskool ellu projekti\u00a0\u201cTeko t\u00f6\u00f6kohap\u00f5hise \u00f5ppe arendamine\u201d. Projekti periood on 01.03.2021 \u2013 30.06.2022 Projekti eelarve 4 376.31 \u20ac Projekti tegevused on suunatud Teko kaubanduse&#46;&#46;&#46;<\/p>\n","protected":false},"author":12,"featured_media":0,"parent":0,"menu_order":0,"comment_status":"closed","ping_status":"closed","template":"","meta":{"footnotes":""},"class_list":["post-17221","page","type-page","status-publish","hentry"],"_links":{"self":[{"href":"https:\/\/www.teeninduskool.ee\/index.php?rest_route=\/wp\/v2\/pages\/17221","targetHints":{"allow":["GET"]}}],"collection":[{"href":"https:\/\/www.teeninduskool.ee\/index.php?rest_route=\/wp\/v2\/pages"}],"about":[{"href":"https:\/\/www.teeninduskool.ee\/index.php?rest_route=\/wp\/v2\/types\/page"}],"author":[{"embeddable":true,"href":"https:\/\/www.teeninduskool.ee\/index.php?rest_route=\/wp\/v2\/users\/12"}],"replies":[{"embeddable":true,"href":"https:\/\/www.teeninduskool.ee\/index.php?rest_route=%2Fwp%2Fv2%2Fcomments&post=17221"}],"version-history":[{"count":1,"href":"https:\/\/www.teeninduskool.ee\/index.php?rest_route=\/wp\/v2\/pages\/17221\/revisions"}],"predecessor-version":[{"id":17222,"href":"https:\/\/www.teeninduskool.ee\/index.php?rest_route=\/wp\/v2\/pages\/17221\/revisions\/17222"}],"wp:attachment":[{"href":"https:\/\/www.teeninduskool.ee\/index.php?rest_route=%2Fwp%2Fv2%2Fmedia&parent=17221"}],"curies":[{"name":"wp","href":"https:\/\/api.w.org\/{rel}","templated":true}]}}