{"id":18674,"date":"2024-01-19T08:26:43","date_gmt":"2024-01-19T06:26:43","guid":{"rendered":"https:\/\/www.teeninduskool.ee\/?page_id=18674"},"modified":"2024-01-19T09:47:19","modified_gmt":"2024-01-19T07:47:19","slug":"auditoorium","status":"publish","type":"page","link":"https:\/\/www.teeninduskool.ee\/?page_id=18674","title":{"rendered":"Auditoorium"},"content":{"rendered":"<h1 style=\"text-align: center;\">Auditoorium<\/h1>\n<p>&nbsp;<\/p>\n<p>Auditoorium asub B-korpuses, sissep\u00e4\u00e4s nii teisest- kui ka kolmast korrust. Auditooriumis 64 istekohta, on olemas lauaarvuti, projektor, k\u00f5larid ja kondiotsineer. HDMI \u00fchendust s\u00fclearvutile.<\/p>\n<p>&nbsp;<\/p>\n<p style=\"text-align: center;\"><img loading=\"lazy\" decoding=\"async\" class=\"alignnone wp-image-18675 size-large\" src=\"https:\/\/www.teeninduskool.ee\/wp-content\/uploads\/2024\/01\/audio-1024x768.jpg\" alt=\"\" width=\"1024\" height=\"768\" srcset=\"https:\/\/www.teeninduskool.ee\/wp-content\/uploads\/2024\/01\/audio-1024x768.jpg 1024w, https:\/\/www.teeninduskool.ee\/wp-content\/uploads\/2024\/01\/audio-300x225.jpg 300w, https:\/\/www.teeninduskool.ee\/wp-content\/uploads\/2024\/01\/audio-768x576.jpg 768w, https:\/\/www.teeninduskool.ee\/wp-content\/uploads\/2024\/01\/audio-1536x1152.jpg 1536w, https:\/\/www.teeninduskool.ee\/wp-content\/uploads\/2024\/01\/audio.jpg 1920w\" sizes=\"auto, (max-width: 1024px) 100vw, 1024px\" \/><\/p>\n<p style=\"text-align: center;\"><img loading=\"lazy\" decoding=\"async\" class=\"alignnone wp-image-18676 size-large\" src=\"https:\/\/www.teeninduskool.ee\/wp-content\/uploads\/2024\/01\/auditoo-1024x768.jpg\" alt=\"\" width=\"1024\" height=\"768\" srcset=\"https:\/\/www.teeninduskool.ee\/wp-content\/uploads\/2024\/01\/auditoo-1024x768.jpg 1024w, https:\/\/www.teeninduskool.ee\/wp-content\/uploads\/2024\/01\/auditoo-300x225.jpg 300w, https:\/\/www.teeninduskool.ee\/wp-content\/uploads\/2024\/01\/auditoo-768x576.jpg 768w, https:\/\/www.teeninduskool.ee\/wp-content\/uploads\/2024\/01\/auditoo-1536x1152.jpg 1536w, https:\/\/www.teeninduskool.ee\/wp-content\/uploads\/2024\/01\/auditoo.jpg 1920w\" sizes=\"auto, (max-width: 1024px) 100vw, 1024px\" \/><\/p>\n<p style=\"text-align: center;\"><img loading=\"lazy\" decoding=\"async\" class=\"alignnone wp-image-18677 size-large\" src=\"https:\/\/www.teeninduskool.ee\/wp-content\/uploads\/2024\/01\/auditoorium-1024x768.jpg\" alt=\"\" width=\"1024\" height=\"768\" srcset=\"https:\/\/www.teeninduskool.ee\/wp-content\/uploads\/2024\/01\/auditoorium-1024x768.jpg 1024w, https:\/\/www.teeninduskool.ee\/wp-content\/uploads\/2024\/01\/auditoorium-300x225.jpg 300w, https:\/\/www.teeninduskool.ee\/wp-content\/uploads\/2024\/01\/auditoorium-768x576.jpg 768w, https:\/\/www.teeninduskool.ee\/wp-content\/uploads\/2024\/01\/auditoorium-1536x1152.jpg 1536w, https:\/\/www.teeninduskool.ee\/wp-content\/uploads\/2024\/01\/auditoorium.jpg 1920w\" sizes=\"auto, (max-width: 1024px) 100vw, 1024px\" \/><\/p>\n","protected":false},"excerpt":{"rendered":"<p>Auditoorium &nbsp; Auditoorium asub B-korpuses, sissep\u00e4\u00e4s nii teisest- kui ka kolmast korrust. Auditooriumis 64 istekohta, on olemas lauaarvuti, projektor, k\u00f5larid ja kondiotsineer. HDMI \u00fchendust s\u00fclearvutile. &nbsp;<\/p>\n","protected":false},"author":9,"featured_media":0,"parent":0,"menu_order":0,"comment_status":"closed","ping_status":"closed","template":"","meta":{"footnotes":""},"class_list":["post-18674","page","type-page","status-publish","hentry"],"_links":{"self":[{"href":"https:\/\/www.teeninduskool.ee\/index.php?rest_route=\/wp\/v2\/pages\/18674","targetHints":{"allow":["GET"]}}],"collection":[{"href":"https:\/\/www.teeninduskool.ee\/index.php?rest_route=\/wp\/v2\/pages"}],"about":[{"href":"https:\/\/www.teeninduskool.ee\/index.php?rest_route=\/wp\/v2\/types\/page"}],"author":[{"embeddable":true,"href":"https:\/\/www.teeninduskool.ee\/index.php?rest_route=\/wp\/v2\/users\/9"}],"replies":[{"embeddable":true,"href":"https:\/\/www.teeninduskool.ee\/index.php?rest_route=%2Fwp%2Fv2%2Fcomments&post=18674"}],"version-history":[{"count":4,"href":"https:\/\/www.teeninduskool.ee\/index.php?rest_route=\/wp\/v2\/pages\/18674\/revisions"}],"predecessor-version":[{"id":18732,"href":"https:\/\/www.teeninduskool.ee\/index.php?rest_route=\/wp\/v2\/pages\/18674\/revisions\/18732"}],"wp:attachment":[{"href":"https:\/\/www.teeninduskool.ee\/index.php?rest_route=%2Fwp%2Fv2%2Fmedia&parent=18674"}],"curies":[{"name":"wp","href":"https:\/\/api.w.org\/{rel}","templated":true}]}}