{"id":19384,"date":"2024-04-19T16:34:37","date_gmt":"2024-04-19T13:34:37","guid":{"rendered":"https:\/\/www.teeninduskool.ee\/?page_id=19384"},"modified":"2025-03-26T10:44:20","modified_gmt":"2025-03-26T08:44:20","slug":"isiklike-rahaasjade-planeerimine","status":"publish","type":"page","link":"https:\/\/www.teeninduskool.ee\/?page_id=19384","title":{"rendered":"Isiklike rahaasjade planeerimine"},"content":{"rendered":"<h1 dir=\"ltr\" style=\"text-align: left;\"><span style=\"font-size: 18pt; color: #e64e7f;\">Isiklike rahaasjade planeerimine<\/span><\/h1>\n<h2 dir=\"ltr\"><span style=\"font-size: 14pt; color: #e64e7f;\">Eesm\u00e4rk<\/span><\/h2>\n<ul>\n<li dir=\"ltr\" aria-level=\"1\">\n<p dir=\"ltr\" role=\"presentation\">aidata \u00f5pilastel teha edukaid ja ratsionaalseid otsuseid oma rahaasjade planeerimisel;<\/p>\n<\/li>\n<li dir=\"ltr\" aria-level=\"1\">\n<p dir=\"ltr\" role=\"presentation\">\u00f5pilane omab algteadmisi- ja oskusi investeerimisest, m\u00f5istab passiivse sissetuleku olemust ning omab piisavaid teadmisi investeerimisega alustamiseks;<\/p>\n<\/li>\n<li dir=\"ltr\" aria-level=\"1\">\n<p dir=\"ltr\" role=\"presentation\">\u00f5pilane teab, millistel juhtudel ja mis tingimustel on m\u00f5istlik raha laenata ning milliseid laenutooteid finantsasutused pakuvad, eristades sealjuures laenu- ja liisingutooteid ning m\u00f5istes nende erip\u00e4ra. \u00d5pilane tunneb finantsvaldkonnas enamlevinud petuskeeme ja oskab neist hoiduda;<\/p>\n<\/li>\n<li dir=\"ltr\" aria-level=\"1\">\n<p dir=\"ltr\" role=\"presentation\">\u00f5pilane on teadlik kindlustuse p\u00f5hiolemusest ja m\u00f5istab erinevate kindlustusliikide olemust (kodu- ja varakindlustus, reisikindlustus, liikluskindlustus jm), osates valida olukorrale sobiva kindlustustoote ning m\u00f5istes v\u00e4listuste olemust kindlustuslepingutes. Finantsteenuste soetamisel m\u00f5istab \u00f5pilane v\u00f5rdlevate pakkumiste t\u00e4htsust;<\/p>\n<\/li>\n<li dir=\"ltr\" aria-level=\"1\">\n<p dir=\"ltr\" role=\"presentation\">\u00f5pilane m\u00f5istab investeerimisega kaasnevaid riske, teeb vahet erinevatesse varaklassidesse investeerimisel.<\/p>\n<\/li>\n<\/ul>\n<h2 dir=\"ltr\"><span style=\"font-size: 14pt; color: #e64e7f;\">\u00d5piv\u00e4ljundid<\/span><\/h2>\n<ul>\n<li dir=\"ltr\" aria-level=\"1\">\n<p dir=\"ltr\" role=\"presentation\">teab, millistel juhtudel ja mis tingimustel on m\u00f5istlik raha laenata ning missugused laene finantsasutused pakuvad. Eristab erinevaid laenutooteid, sh laenu ja liisingut ning oskab anal\u00fc\u00fcsida nende m\u00f5istlikkust. M\u00f5istab krediidi kulukuse m\u00e4\u00e4ra t\u00e4hendust ning oskab seda arvestada laenuotsuste langetamisel. Teab, mis on intress (sh liht- ja liitintress);<\/p>\n<\/li>\n<li dir=\"ltr\" aria-level=\"1\">\n<p dir=\"ltr\" role=\"presentation\">m\u00f5istab eelarvestamise ja s\u00e4\u00e4stmise olulisust raha planeerimisel. Oskab koostada iseseisvalt isiklikku eelarvet. Oskab seada isiklikke rahalisi eesm\u00e4rke;<\/p>\n<\/li>\n<li dir=\"ltr\" aria-level=\"1\">\n<p dir=\"ltr\" role=\"presentation\">m\u00f5istab kindlustuse p\u00f5hiolemust. Eristab erinevaid kindlustusliike, m\u00f5istab v\u00e4listuste olemust. Oskab valida sobiva kindlustusliigi vastavalt olukorrale;<\/p>\n<\/li>\n<li dir=\"ltr\" aria-level=\"1\">\n<p dir=\"ltr\" role=\"presentation\">m\u00f5istab investeerimise p\u00f5hiolemust ning oskab eristada erinevatesse varaklassidesse investeerimist. M\u00f5istab investeerimisega kaasnevaid riske ning omab piisavaid algteadmisi investeerimisega alustamiseks.<\/p>\n<\/li>\n<\/ul>\n","protected":false},"excerpt":{"rendered":"<p>Isiklike rahaasjade planeerimine Eesm\u00e4rk aidata \u00f5pilastel teha edukaid ja ratsionaalseid otsuseid oma rahaasjade planeerimisel; \u00f5pilane omab algteadmisi- ja oskusi investeerimisest, m\u00f5istab passiivse sissetuleku olemust ning omab piisavaid teadmisi investeerimisega alustamiseks; \u00f5pilane teab, millistel juhtudel&#46;&#46;&#46;<\/p>\n","protected":false},"author":13,"featured_media":0,"parent":0,"menu_order":0,"comment_status":"closed","ping_status":"closed","template":"","meta":{"footnotes":""},"class_list":["post-19384","page","type-page","status-publish","hentry"],"_links":{"self":[{"href":"https:\/\/www.teeninduskool.ee\/index.php?rest_route=\/wp\/v2\/pages\/19384","targetHints":{"allow":["GET"]}}],"collection":[{"href":"https:\/\/www.teeninduskool.ee\/index.php?rest_route=\/wp\/v2\/pages"}],"about":[{"href":"https:\/\/www.teeninduskool.ee\/index.php?rest_route=\/wp\/v2\/types\/page"}],"author":[{"embeddable":true,"href":"https:\/\/www.teeninduskool.ee\/index.php?rest_route=\/wp\/v2\/users\/13"}],"replies":[{"embeddable":true,"href":"https:\/\/www.teeninduskool.ee\/index.php?rest_route=%2Fwp%2Fv2%2Fcomments&post=19384"}],"version-history":[{"count":5,"href":"https:\/\/www.teeninduskool.ee\/index.php?rest_route=\/wp\/v2\/pages\/19384\/revisions"}],"predecessor-version":[{"id":21403,"href":"https:\/\/www.teeninduskool.ee\/index.php?rest_route=\/wp\/v2\/pages\/19384\/revisions\/21403"}],"wp:attachment":[{"href":"https:\/\/www.teeninduskool.ee\/index.php?rest_route=%2Fwp%2Fv2%2Fmedia&parent=19384"}],"curies":[{"name":"wp","href":"https:\/\/api.w.org\/{rel}","templated":true}]}}