{"id":354,"date":"2017-03-07T09:32:31","date_gmt":"2017-03-07T07:32:31","guid":{"rendered":"https:\/\/www.teeninduskool.ee\/?page_id=354"},"modified":"2020-06-26T22:28:53","modified_gmt":"2020-06-26T19:28:53","slug":"majandus","status":"publish","type":"page","link":"https:\/\/www.teeninduskool.ee\/?page_id=354","title":{"rendered":"Dokumendid (majandus)"},"content":{"rendered":"<h2 class=\"art-postheader\">Majandus<\/h2>\n<div class=\"art-postcontent\">\n<div class=\"art-article\">\n<div>\n<table class=\"mceVisualAid mceItemTable\" style=\"width: 100%;\" border=\"0\" width=\"100%\" cellspacing=\"0\" cellpadding=\"0\">\n<tbody>\n<tr>\n<td class=\"xl67 mceVisualAid\" style=\"text-align: left;\" width=\"347\" height=\"20\"><a href=\"https:\/\/www.teeninduskool.ee\/tootajateblanketid\/kaibevarademahakandmisekomisjon.doc\">K\u00e4ibevarade mahakandmise komisjon<\/a><\/td>\n<\/tr>\n<tr>\n<td class=\"xl68 mceVisualAid\" style=\"text-align: left;\" height=\"20\"><a href=\"https:\/\/www.teeninduskool.ee\/tootajateblanketid\/Vorm_6_Vara_vastuvotmise_akt.xls\">Vorm 6. Vara vastuv\u00f5tmise akt<\/a><\/td>\n<\/tr>\n<tr>\n<td class=\"xl68 mceVisualAid\" style=\"text-align: left;\" height=\"20\"><a href=\"https:\/\/www.teeninduskool.ee\/tootajateblanketid\/Vorm_7_Varade_uleandmis-vastuvotuakt.doc\">Vorm 7. Varade \u00fcleandmis-vastuv\u00f5tuakt<\/a><\/td>\n<\/tr>\n<tr>\n<td class=\"xl68 mceVisualAid\" style=\"text-align: left;\" height=\"20\"><a href=\"https:\/\/www.teeninduskool.ee\/tootajateblanketid\/Vorm_9_Pohivara_mahakandmise_akt.xls\">Vorm 9. P\u00f5hivara mahakandmise akt<\/a><\/td>\n<\/tr>\n<tr>\n<td class=\"xl68 mceVisualAid\" style=\"text-align: left;\" height=\"20\"><a href=\"https:\/\/www.teeninduskool.ee\/tootajateblanketid\/Vorm_10_Bilansivalise_vara_mahakandmise_akt.xls\">Vorm 10. Bilansivalise vara mahakandmise akt<\/a><\/td>\n<\/tr>\n<tr>\n<td class=\"xl68 mceVisualAid\" style=\"text-align: left;\" height=\"20\"><a href=\"https:\/\/www.teeninduskool.ee\/tootajateblanketid\/Vorm_16_sularaha_inventuuri_akt.xls\">Vorm 16. Sularaha inventuuri akt\u00a0<\/a><\/td>\n<\/tr>\n<tr>\n<td class=\"xl68 mceVisualAid\" style=\"text-align: left;\" height=\"20\"><a href=\"https:\/\/www.teeninduskool.ee\/tootajateblanketid\/Vorm_17_Inventuuri_lugemisleht.xls\">Vorm 17. Inventuuri lugemisleht<\/a><\/td>\n<\/tr>\n<tr>\n<td class=\"xl68 mceVisualAid\" style=\"text-align: left;\" height=\"20\"><a href=\"https:\/\/www.teeninduskool.ee\/tootajateblanketid\/Vorm_18_Inventuuri_nimekiri.xls\">Vorm 18. Inventuuri nimekiri<\/a><\/td>\n<\/tr>\n<tr>\n<td class=\"xl68 mceVisualAid\" style=\"text-align: left;\" height=\"20\"><a href=\"https:\/\/www.teeninduskool.ee\/tootajateblanketid\/Vorm_19_Inventuuri_loppakt.xls\">Vorm 19. Inventuuri l\u00f5ppakt<\/a><\/td>\n<\/tr>\n<\/tbody>\n<\/table>\n<\/div>\n<\/div>\n<\/div>\n","protected":false},"excerpt":{"rendered":"<p>Majandus K\u00e4ibevarade mahakandmise komisjon Vorm 6. Vara vastuv\u00f5tmise akt Vorm 7. Varade \u00fcleandmis-vastuv\u00f5tuakt Vorm 9. P\u00f5hivara mahakandmise akt Vorm 10. Bilansivalise vara mahakandmise akt Vorm 16. Sularaha inventuuri akt\u00a0 Vorm 17. Inventuuri lugemisleht Vorm&#46;&#46;&#46;<\/p>\n","protected":false},"author":4,"featured_media":0,"parent":261,"menu_order":0,"comment_status":"closed","ping_status":"closed","template":"","meta":{"footnotes":""},"class_list":["post-354","page","type-page","status-publish","hentry"],"_links":{"self":[{"href":"https:\/\/www.teeninduskool.ee\/index.php?rest_route=\/wp\/v2\/pages\/354","targetHints":{"allow":["GET"]}}],"collection":[{"href":"https:\/\/www.teeninduskool.ee\/index.php?rest_route=\/wp\/v2\/pages"}],"about":[{"href":"https:\/\/www.teeninduskool.ee\/index.php?rest_route=\/wp\/v2\/types\/page"}],"author":[{"embeddable":true,"href":"https:\/\/www.teeninduskool.ee\/index.php?rest_route=\/wp\/v2\/users\/4"}],"replies":[{"embeddable":true,"href":"https:\/\/www.teeninduskool.ee\/index.php?rest_route=%2Fwp%2Fv2%2Fcomments&post=354"}],"version-history":[{"count":2,"href":"https:\/\/www.teeninduskool.ee\/index.php?rest_route=\/wp\/v2\/pages\/354\/revisions"}],"predecessor-version":[{"id":11885,"href":"https:\/\/www.teeninduskool.ee\/index.php?rest_route=\/wp\/v2\/pages\/354\/revisions\/11885"}],"up":[{"embeddable":true,"href":"https:\/\/www.teeninduskool.ee\/index.php?rest_route=\/wp\/v2\/pages\/261"}],"wp:attachment":[{"href":"https:\/\/www.teeninduskool.ee\/index.php?rest_route=%2Fwp%2Fv2%2Fmedia&parent=354"}],"curies":[{"name":"wp","href":"https:\/\/api.w.org\/{rel}","templated":true}]}}