{"id":433,"date":"2017-03-13T10:41:25","date_gmt":"2017-03-13T08:41:25","guid":{"rendered":"https:\/\/www.teeninduskool.ee\/?page_id=433"},"modified":"2017-03-13T10:41:25","modified_gmt":"2017-03-13T08:41:25","slug":"soolise-vordoiguslikkuse","status":"publish","type":"page","link":"https:\/\/www.teeninduskool.ee\/?page_id=433","title":{"rendered":"Soolise v\u00f5rd\u00f5iguslikkuse"},"content":{"rendered":"<h2 class=\"art-postheader\">Soolise v\u00f5rd\u00f5iguslikkuse<\/h2>\n<div class=\"art-postcontent\">\n<div class=\"art-article\">\n<table class=\"mceItemTable\" border=\"0\" cellspacing=\"0\" cellpadding=\"0\">\n<tbody>\n<tr>\n<td valign=\"top\" width=\"652\">1.1. Projekti nimetus: Soolise v\u00f5rd\u00f5iguslikkuse olukorra v\u00e4ljaselgitamine Tallinna Teeninduskoolis<\/td>\n<\/tr>\n<tr>\n<td valign=\"top\" width=\"652\">1.2. Projekti tunnusnumber: 1.3.0502.12-0053<\/td>\n<\/tr>\n<tr>\n<td valign=\"top\" width=\"652\">1.3. Toetuse taotluse rahuldamise otsuse (ning otsuse muutmise <a href=\"https:\/\/www.teeninduskool.ee\/index.php\/2014-11-26-12-46-09\/loppenud-projektid\/509-soolise-v%C3%B5rd%C3%B5iguslikkuse#_ftn1\">[1]<\/a>) number ja kuup\u00e4ev:<\/p>\n<p>27.03.2012 nr 4-3\/1495<\/td>\n<\/tr>\n<tr>\n<td valign=\"top\" width=\"652\">1.4. Projekti abik\u00f5lblikkuse periood: 23.04.2012 &#8211; 28.06.2013<\/td>\n<\/tr>\n<\/tbody>\n<\/table>\n<p>Projekti ellu viies kaardistatakse Teko hetkeolukord ja v\u00f5imalikud probleemid l\u00e4htudes soolise v\u00f5rd\u00f5iguslikkuse seisukohast<\/p>\n<p>T\u00dc sotsiaalteaduslike rakendusuuringute keskuse RAKE poolt koostatud uuringu \u201eSoolise v\u00f5rd\u00f5iguslikkuse olukorra v\u00e4ljaselgitamine Tallinna Teeninduskoolis\u201c raporti j\u00e4reldused ja ettepanekud. Uuring on valminud Euroopa Sotsiaalfondi kaasrahastamisel.<\/p>\n<p><a href=\"https:\/\/www.teeninduskool.ee\/failid\/soolisevordoiguslikkus\/soolise_vordoiguslikkuse_olukorra_valjaselgitamine.pdf\"><img decoding=\"async\" src=\"https:\/\/www.teeninduskool.ee\/media\/com_spdownload\/images\/mime-icon-32\/pdf.png\" border=\"0\" \/><span title=\"soolise_vordoiguslikkuse_olukorra_valjaselgitamine.pdf\">soolise_vordoiguslikkuse_olukorra_valjaselgitamine.pdf<\/span><\/a><\/p>\n<p>Uuringu autorid:<\/p>\n<p>Kerly Espenberg, T\u00dc, projektijuht<\/p>\n<p>Aivi Themes, T\u00dc, anal\u00fc\u00fctik<\/p>\n<p>Maarika Muuga, T\u00dc, anal\u00fc\u00fctik<\/p>\n<\/div>\n<\/div>\n","protected":false},"excerpt":{"rendered":"<p>Soolise v\u00f5rd\u00f5iguslikkuse 1.1. Projekti nimetus: Soolise v\u00f5rd\u00f5iguslikkuse olukorra v\u00e4ljaselgitamine Tallinna Teeninduskoolis 1.2. Projekti tunnusnumber: 1.3.0502.12-0053 1.3. Toetuse taotluse rahuldamise otsuse (ning otsuse muutmise [1]) number ja kuup\u00e4ev: 27.03.2012 nr 4-3\/1495 1.4. Projekti abik\u00f5lblikkuse periood:&#46;&#46;&#46;<\/p>\n","protected":false},"author":4,"featured_media":0,"parent":84,"menu_order":0,"comment_status":"closed","ping_status":"closed","template":"","meta":{"footnotes":""},"class_list":["post-433","page","type-page","status-publish","hentry"],"_links":{"self":[{"href":"https:\/\/www.teeninduskool.ee\/index.php?rest_route=\/wp\/v2\/pages\/433","targetHints":{"allow":["GET"]}}],"collection":[{"href":"https:\/\/www.teeninduskool.ee\/index.php?rest_route=\/wp\/v2\/pages"}],"about":[{"href":"https:\/\/www.teeninduskool.ee\/index.php?rest_route=\/wp\/v2\/types\/page"}],"author":[{"embeddable":true,"href":"https:\/\/www.teeninduskool.ee\/index.php?rest_route=\/wp\/v2\/users\/4"}],"replies":[{"embeddable":true,"href":"https:\/\/www.teeninduskool.ee\/index.php?rest_route=%2Fwp%2Fv2%2Fcomments&post=433"}],"version-history":[{"count":0,"href":"https:\/\/www.teeninduskool.ee\/index.php?rest_route=\/wp\/v2\/pages\/433\/revisions"}],"up":[{"embeddable":true,"href":"https:\/\/www.teeninduskool.ee\/index.php?rest_route=\/wp\/v2\/pages\/84"}],"wp:attachment":[{"href":"https:\/\/www.teeninduskool.ee\/index.php?rest_route=%2Fwp%2Fv2%2Fmedia&parent=433"}],"curies":[{"name":"wp","href":"https:\/\/api.w.org\/{rel}","templated":true}]}}